{"id":9705,"date":"2025-07-21T09:57:23","date_gmt":"2025-07-21T07:57:23","guid":{"rendered":"https:\/\/leselop.usn.no\/?page_id=9705"},"modified":"2025-08-12T13:37:27","modified_gmt":"2025-08-12T11:37:27","slug":"leselop-19-aktivitet-1-oppgave-2","status":"publish","type":"page","link":"https:\/\/leselop.usn.no\/?page_id=9705","title":{"rendered":"15. Multiple tekster i engelsk &#8211; Aktivitet 1 &#8211; Oppdrag"},"content":{"rendered":"\n[et_pb_section fb_built=&#8221;1&#8243; _builder_version=&#8221;4.21.0&#8243; _module_preset=&#8221;default&#8221; background_color=&#8221;#f4f4f4&#8243; custom_css_main_element=&#8221;min-height: 100vh;&#8221; da_disable_devices=&#8221;off|off|off&#8221; global_colors_info=&#8221;{}&#8221; da_is_popup=&#8221;off&#8221; da_exit_intent=&#8221;off&#8221; da_has_close=&#8221;on&#8221; da_alt_close=&#8221;off&#8221; da_dark_close=&#8221;off&#8221; da_not_modal=&#8221;on&#8221; da_is_singular=&#8221;off&#8221; da_with_loader=&#8221;off&#8221; da_has_shadow=&#8221;on&#8221;][et_pb_row column_structure=&#8221;1_4,3_4&#8243; use_custom_gutter=&#8221;on&#8221; gutter_width=&#8221;1&#8243; make_equal=&#8221;on&#8221; _builder_version=&#8221;4.27.4&#8243; _module_preset=&#8221;default&#8221; max_width=&#8221;850px&#8221; custom_css_main_element=&#8221;width:75% !important;&#8221; global_colors_info=&#8221;{}&#8221;][et_pb_column type=&#8221;1_4&#8243; _builder_version=&#8221;4.21.0&#8243; _module_preset=&#8221;default&#8221; custom_css_main_element=&#8221;width:12% !important;&#8221; global_colors_info=&#8221;{}&#8221; custom_css_main_element_last_edited=&#8221;on|phone&#8221; custom_css_main_element_tablet=&#8221;width:18% !important;&#8221; custom_css_main_element_phone=&#8221;width:30% !important;&#8221;][et_pb_image src=&#8221;https:\/\/leselop.usn.no\/wp-content\/uploads\/2025\/06\/Leselop-skrive-green.png&#8221; title_text=&#8221;Leselop-skrive-green&#8221; _builder_version=&#8221;4.27.4&#8243; _module_preset=&#8221;default&#8221; global_colors_info=&#8221;{}&#8221;][\/et_pb_image][\/et_pb_column][et_pb_column type=&#8221;3_4&#8243; _builder_version=&#8221;4.21.0&#8243; _module_preset=&#8221;default&#8221; custom_css_main_element=&#8221;width:88% !important;||margin: auto;||padding-left: 30px;&#8221; global_colors_info=&#8221;{}&#8221; custom_css_main_element_last_edited=&#8221;on|phone&#8221; custom_css_main_element_tablet=&#8221;width:82% !important;||padding-left: 25px;||padding-top:35px&#8221; custom_css_main_element_phone=&#8221;width:70% !important;||padding-left: 15px;||padding-top:35px&#8221;][et_pb_text content_tablet=&#8221;<h1>Oppdrag<o:p><\/o:p><\/h1>&#8221; content_phone=&#8221;<h3>Oppdrag<\/h3>\n<p><o:p><\/o:p><\/p>&#8221; content_last_edited=&#8221;on|phone&#8221; _builder_version=&#8221;4.27.4&#8243; _module_preset=&#8221;default&#8221; global_colors_info=&#8221;{}&#8221; custom_css_main_element_last_edited=&#8221;on|phone&#8221;]<h1>Oppdrag<o:p><\/o:p><\/h1>[\/et_pb_text][\/et_pb_column][\/et_pb_row][et_pb_row custom_padding_last_edited=&#8221;on|phone&#8221; _builder_version=&#8221;4.27.4&#8243; _module_preset=&#8221;default&#8221; background_color=&#8221;#ffffff&#8221; max_width=&#8221;850px&#8221; max_width_tablet=&#8221;850px&#8221; max_width_phone=&#8221;850px&#8221; max_width_last_edited=&#8221;on|tablet&#8221; custom_margin=&#8221;||||false|false&#8221; custom_margin_tablet=&#8221;20px||-25px||false|false&#8221; custom_margin_phone=&#8221;0px||-30px||false|false&#8221; custom_margin_last_edited=&#8221;on|phone&#8221; custom_padding=&#8221;80px|70px|80px|70px|false|false&#8221; custom_padding_tablet=&#8221;60px|60px|60px|60px|false|false&#8221; custom_padding_phone=&#8221;60px|50px|60px|50px|false|false&#8221; border_radii=&#8221;off|30px|30px|30px|30px&#8221; border_style_all=&#8221;dotted&#8221; global_colors_info=&#8221;{}&#8221; custom_css_main_element_last_edited=&#8221;on|tablet&#8221;][et_pb_column type=&#8221;4_4&#8243; _builder_version=&#8221;4.27.4&#8243; _module_preset=&#8221;default&#8221; global_colors_info=&#8221;{}&#8221;][et_pb_text content_tablet=&#8221;<h4>Velg oppdrag<\/h4>\n<p>Dere skal gjennomf\u00f8re et oppdrag om Vincent van Gogh ved \u00e5 lage en <strong>digital fortelling<\/strong>. Det betyr at dere skal sette sammen ulike elementer som <em>for eksempel<\/em> verbaltekst, kunstbilder, fotografier, musikk, lyder, innleste dialoger, vitneutsagn, tanker\/refleksjoner, fortellinger, opplesning av brev og lignende i en presentasjon som lages p\u00e5 pc.<\/p>\n<p>Presentasjonen skal ha et overordna tema og dere skal derfor velge <strong>ett oppdrag<\/strong> fra lista nedenfor. Presentasjonen skal vare mellom <strong>5-10 minutter. <\/strong>Dere kan bruke <strong>verkt\u00f8y <\/strong>som Book creator, Creaza, Power point, Moviemaker og lignende.<\/p>\n<p><strong><\/strong><\/p>\n<p><strong>1. I van Goghs hode<br \/><\/strong>Hva foregikk i Van Goghs hode? Hva var han opptatt av? Hva plaget han? Hva gjorde han lei seg? Hva gledet han seg over? Fortell f\u00f8rst historien om Van Goghs hode. Presenter ogs\u00e5 noe ved tankene hans dere syns er gjenkjennbart.<\/p>\n<p><strong><\/strong><\/p>\n<p><strong>2. Historien om \u00f8ret<br \/><\/strong>Det finnes mange ulike teorier om van Goghs \u00f8re. Hva hendte egentlig? Fortell historien. Argumenter for hvorfor denne versjonen av fortellingen og kildene dere har brukt er troverdige. Presenter noen tanker om hvorfor dere tror mennesker i dag fortsatt er opptatt av historien.<\/p>\n<p><strong><\/strong><\/p>\n<p><strong>3. To br\u00f8dre<br \/><\/strong>Van Gogh og hans bror Theo hadde et n\u00e6rt forhold hele livet, men det var ikke problemfritt. Fortell historien om de to br\u00f8drene. Presentere noen tanker om det \u00e5 ha s\u00f8sken eller ikke ha s\u00f8sken. Hvorfor kan det v\u00e6re s\u00e5 flott, men likevel s\u00e5 vanskelig?\u00a0<strong>\u00a0<\/strong><\/p>\n<p><strong><\/strong><\/p>\n<p><strong>4. Kunstbildene forteller!<br \/><\/strong>Van Gogh er en av verdens mest kjente kunstnere. Ta oss med p\u00e5 en reise i kunsten hans og fortell om maleriene. Hvilke motiver har van Gogh i bildene sine? Hva kjennetegner hans m\u00e5te \u00e5 male p\u00e5? Har maleriene noen mening\/historie bak seg? Del noen tanker om hva dere selv syns om kunsten? Begrunn meningene deres.<\/p>\n<p><strong><\/strong><\/p>\n<p><strong>5. Geni eller gal?<br \/><\/strong>Var van Gogh en talentfull, kul og snill person eller var han en s\u00e6ring, en kranglefant og en gal mann? Hvordan opplevde andre mennesker van Gogh da han levde, og hvordan fremstilles han i dag? Fortell historien om personen Vincent. Inkluder noen tanker om hva dere ville ha spurt van Gogh om hvis dere m\u00f8tte han, og hvordan dere tror han ville ha oppf\u00f8rt seg.<\/p>\n<p><strong><\/strong><\/p>\n<p><strong>6. <\/strong><strong>P\u00e5 jakt etter gleder<br \/><\/strong>Van Gogh var plaget med mange vonde og m\u00f8rke tanker. Men det fantes ogs\u00e5 gode ting i livet hans. Hvilke gode ting var dette? G\u00e5 p\u00e5 jakt etter sm\u00e5 og store gleder i van Goghs brev og malerier, eller tekster han. Presenter funnene deres og velg en glede spesielt dere forteller historien bak. Reflekter over hva dere selv finner glede i (for eksempel familie, venner, musikk, dataspill eller idrett).<\/p>\n<p>&nbsp;<\/p>&#8221; content_phone=&#8221;<h4>Velg oppdrag<\/h4>\n<p>Dere skal gjennomf\u00f8re et oppdrag om Vincent van Gogh ved \u00e5 lage en <strong>digital fortelling<\/strong>. Det betyr at dere skal sette sammen ulike elementer som <em>for eksempel<\/em> verbaltekst, kunstbilder, fotografier, musikk, lyder, innleste dialoger, vitneutsagn, tanker\/refleksjoner, fortellinger, opplesning av brev og lignende i en presentasjon som lages p\u00e5 pc.<\/p>\n<p>Presentasjonen skal ha et overordna tema og dere skal derfor velge <strong>ett oppdrag<\/strong> fra lista nedenfor. Presentasjonen skal vare mellom <strong>5-10 minutter. <\/strong>Dere kan bruke <strong>verkt\u00f8y <\/strong>som Book creator, Creaza, Power point, Moviemaker og lignende.<\/p>\n<p><strong><\/strong><\/p>\n<p><strong>1. I van Goghs hode<br \/><\/strong>Hva foregikk i Van Goghs hode? Hva var han opptatt av? Hva plaget han? Hva gjorde han lei seg? Hva gledet han seg over? Fortell f\u00f8rst historien om Van Goghs hode. Presenter ogs\u00e5 noe ved tankene hans dere syns er gjenkjennbart.<\/p>\n<p><strong><\/strong><\/p>\n<p><strong>2. Historien om \u00f8ret<br \/><\/strong>Det finnes mange ulike teorier om van Goghs \u00f8re. Hva hendte egentlig? Fortell historien. Argumenter for hvorfor denne versjonen av fortellingen og kildene dere har brukt er troverdige. Presenter noen tanker om hvorfor dere tror mennesker i dag fortsatt er opptatt av historien.<\/p>\n<p><strong><\/strong><\/p>\n<p><strong>3. To br\u00f8dre<br \/><\/strong>Van Gogh og hans bror Theo hadde et n\u00e6rt forhold hele livet, men det var ikke problemfritt. Fortell historien om de to br\u00f8drene. Presentere noen tanker om det \u00e5 ha s\u00f8sken eller ikke ha s\u00f8sken. Hvorfor kan det v\u00e6re s\u00e5 flott, men likevel s\u00e5 vanskelig?\u00a0<strong>\u00a0<\/strong><\/p>\n<p><strong><\/strong><\/p>\n<p><strong>4. Kunstbildene forteller!<br \/><\/strong>Van Gogh er en av verdens mest kjente kunstnere. Ta oss med p\u00e5 en reise i kunsten hans og fortell om maleriene. Hvilke motiver har van Gogh i bildene sine? Hva kjennetegner hans m\u00e5te \u00e5 male p\u00e5? Har maleriene noen mening\/historie bak seg? Del noen tanker om hva dere selv syns om kunsten? Begrunn meningene deres.<\/p>\n<p><strong><\/strong><\/p>\n<p><strong>5. Geni eller gal?<br \/><\/strong>Var van Gogh en talentfull, kul og snill person eller var han en s\u00e6ring, en kranglefant og en gal mann? Hvordan opplevde andre mennesker van Gogh da han levde, og hvordan fremstilles han i dag? Fortell historien om personen Vincent. Inkluder noen tanker om hva dere ville ha spurt van Gogh om hvis dere m\u00f8tte han, og hvordan dere tror han ville ha oppf\u00f8rt seg.<\/p>\n<p><strong><\/strong><\/p>\n<p><strong>6. <\/strong><strong>P\u00e5 jakt etter gleder<br \/><\/strong>Van Gogh var plaget med mange vonde og m\u00f8rke tanker. Men det fantes ogs\u00e5 gode ting i livet hans. Hvilke gode ting var dette? G\u00e5 p\u00e5 jakt etter sm\u00e5 og store gleder i van Goghs brev og malerier, eller tekster han. Presenter funnene deres og velg en glede spesielt dere forteller historien bak. Reflekter over hva dere selv finner glede i (for eksempel familie, venner, musikk, dataspill eller idrett).<\/p>\n<p>&nbsp;<\/p>&#8221; content_last_edited=&#8221;on|phone&#8221; _builder_version=&#8221;4.27.4&#8243; _module_preset=&#8221;default&#8221; text_font_size=&#8221;17px&#8221; text_line_height=&#8221;1.8em&#8221; hover_enabled=&#8221;0&#8243; text_font_size_tablet=&#8221;16px&#8221; text_font_size_phone=&#8221;15px&#8221; text_font_size_last_edited=&#8221;on|desktop&#8221; global_colors_info=&#8221;{}&#8221; sticky_enabled=&#8221;0&#8243;]<h4>Velg oppdrag<\/h4>\n<p>Dere skal gjennomf\u00f8re et oppdrag om Vincent van Gogh ved \u00e5 lage en <strong>digital fortelling<\/strong>. Det betyr at dere skal sette sammen ulike elementer som <em>for eksempel<\/em> verbaltekst, kunstbilder, fotografier, musikk, lyder, innleste dialoger, vitneutsagn, tanker\/refleksjoner, fortellinger, opplesning av brev og lignende i en presentasjon som lages p\u00e5 pc.<\/p>\n<p>Presentasjonen skal ha et overordna tema og dere skal derfor velge <strong>ett oppdrag<\/strong> fra lista nedenfor. Presentasjonen skal vare mellom <strong>5-10 minutter. <\/strong>Dere kan bruke <strong>verkt\u00f8y <\/strong>som Book creator, Creaza, Power point, Moviemaker og lignende.<\/p>\n<p><strong><\/strong><\/p>\n<p><strong>1. I van Goghs hode<br \/><\/strong>Hva foregikk i Van Goghs hode? Hva var han opptatt av? Hva plaget han? Hva gjorde han lei seg? Hva gledet han seg over? Fortell f\u00f8rst historien om Van Goghs hode. Presenter ogs\u00e5 noe ved tankene hans dere syns er gjenkjennbart.<\/p>\n<p><strong><\/strong><\/p>\n<p><strong>2. Historien om \u00f8ret<br \/><\/strong>Det finnes mange ulike teorier om van Goghs \u00f8re. Hva hendte egentlig? Fortell historien. Argumenter for hvorfor denne versjonen av fortellingen og kildene dere har brukt er troverdige. Presenter noen tanker om hvorfor dere tror mennesker i dag fortsatt er opptatt av historien.<\/p>\n<p><strong><\/strong><\/p>\n<p><strong>3. To br\u00f8dre<br \/><\/strong>Van Gogh og hans bror Theo hadde et n\u00e6rt forhold hele livet, men det var ikke problemfritt. Fortell historien om de to br\u00f8drene. Presentere noen tanker om det \u00e5 ha s\u00f8sken eller ikke ha s\u00f8sken. Hvorfor kan det v\u00e6re s\u00e5 flott, men likevel s\u00e5 vanskelig?\u00a0<strong>\u00a0<\/strong><\/p>\n<p><strong><\/strong><\/p>\n<p><strong>4. Kunstbildene forteller!<br \/><\/strong>Van Gogh er en av verdens mest kjente kunstnere. Ta oss med p\u00e5 en reise i kunsten hans og fortell om maleriene. Hvilke motiver har van Gogh i bildene sine? Hva kjennetegner hans m\u00e5te \u00e5 male p\u00e5? Har maleriene noen mening\/historie bak seg? Del noen tanker om hva dere selv syns om kunsten? Begrunn meningene deres.<\/p>\n<p><strong><\/strong><\/p>\n<p><strong>5. Geni eller gal?<br \/><\/strong>Var van Gogh en talentfull, kul og snill person eller var han en s\u00e6ring, en kranglefant og en gal mann? Hvordan opplevde andre mennesker van Gogh da han levde, og hvordan fremstilles han i dag? Fortell historien om personen Vincent. Inkluder noen tanker om hva dere ville ha spurt van Gogh om hvis dere m\u00f8tte han, og hvordan dere tror han ville ha oppf\u00f8rt seg.<\/p>\n<p><strong><\/strong><\/p>\n<p><strong>6. <\/strong><strong>P\u00e5 jakt etter gleder<br \/><\/strong>Van Gogh var plaget med mange vonde og m\u00f8rke tanker. Men det fantes ogs\u00e5 gode ting i livet hans. Hvilke gode ting var dette? G\u00e5 p\u00e5 jakt etter sm\u00e5 og store gleder i van Goghs brev og malerier, eller tekster han. Presenter funnene deres og velg en glede spesielt dere forteller historien bak. Reflekter over hva dere selv finner glede i (for eksempel familie, venner, musikk, dataspill eller idrett).<\/p>\n<p>&nbsp;<\/p>[\/et_pb_text][\/et_pb_column][\/et_pb_row][et_pb_row _builder_version=&#8221;4.21.0&#8243; _module_preset=&#8221;default&#8221; max_width=&#8221;850px&#8221; module_alignment=&#8221;center&#8221; custom_css_main_element=&#8221;display:flex;||justify-content: center;&#8221; global_colors_info=&#8221;{}&#8221;][et_pb_column type=&#8221;4_4&#8243; _builder_version=&#8221;4.21.0&#8243; _module_preset=&#8221;default&#8221; global_colors_info=&#8221;{}&#8221;][et_pb_code _builder_version=&#8221;4.21.0&#8243; _module_preset=&#8221;default&#8221; text_orientation=&#8221;center&#8221; text_orientation_tablet=&#8221;center&#8221; text_orientation_phone=&#8221;center&#8221; text_orientation_last_edited=&#8221;on|desktop&#8221; global_colors_info=&#8221;{}&#8221;]<button id=\"backButton\" style=\"<!-- [et_pb_line_break_holder] -->background: #8dcfb7; <!-- [et_pb_line_break_holder] -->border-radius: 10px; <!-- [et_pb_line_break_holder] -->width: 100px; <!-- [et_pb_line_break_holder] -->height: 40px; <!-- [et_pb_line_break_holder] -->border: none; <!-- [et_pb_line_break_holder] -->font-size: 18px;<!-- [et_pb_line_break_holder] -->color: #000000; <!-- [et_pb_line_break_holder] -->transform: uppercase;&#8221; <!-- [et_pb_line_break_holder] -->onmouseover=&#8221;this.style.backgroundColor=&#8217;#5a5e5e&#8217;; this.style.color=&#8217;#ffffff&#8217;;&#8221;<!-- [et_pb_line_break_holder] -->onmouseout=&#8221;this.style.backgroundColor=&#8217;#8dcfb7&#8242;; this.style.color=&#8217;#000000&#8242;;&#8221; <!-- [et_pb_line_break_holder] -->onclick=&#8221;myFunction()&#8221;>Tilbake<\/button><!-- [et_pb_line_break_holder] --><!-- [et_pb_line_break_holder] --><script><!-- [et_pb_line_break_holder] -->document.addEventListener('DOMContentLoaded', function() {<!-- [et_pb_line_break_holder] -->  var backButton = document.getElementById('backButton'); <!-- [et_pb_line_break_holder] -->  <!-- [et_pb_line_break_holder] -->  if (backButton) {<!-- [et_pb_line_break_holder] -->    backButton.addEventListener('click', function() {<!-- [et_pb_line_break_holder] -->      window.history.back();<!-- [et_pb_line_break_holder] -->    });<!-- [et_pb_line_break_holder] -->  }<!-- [et_pb_line_break_holder] -->});<!-- [et_pb_line_break_holder] --><\/script><!-- [et_pb_line_break_holder] -->[\/et_pb_code][\/et_pb_column][\/et_pb_row][\/et_pb_section]\n","protected":false},"excerpt":{"rendered":"<p>Dere skal gjennomf\u00f8re et oppdrag om Vincent van Gogh ved \u00e5 lage en digital fortelling. Det betyr at dere skal sette sammen ulike elementer som for eksempel verbaltekst, kunstbilder, fotografier, musikk, lyder, innleste dialoger, vitneutsagn, tanker\/refleksjoner, fortellinger, opplesning av brev og lignende i en presentasjon som lages p\u00e5 pc.<\/p>\n","protected":false},"author":10,"featured_media":0,"parent":0,"menu_order":0,"comment_status":"closed","ping_status":"closed","template":"","meta":{"_et_pb_use_builder":"on","_et_pb_old_content":"","_et_gb_content_width":"","footnotes":""},"trinn":[],"fag":[],"class_list":["post-9705","page","type-page","status-publish","hentry"],"_links":{"self":[{"href":"https:\/\/leselop.usn.no\/index.php?rest_route=\/wp\/v2\/pages\/9705","targetHints":{"allow":["GET"]}}],"collection":[{"href":"https:\/\/leselop.usn.no\/index.php?rest_route=\/wp\/v2\/pages"}],"about":[{"href":"https:\/\/leselop.usn.no\/index.php?rest_route=\/wp\/v2\/types\/page"}],"author":[{"embeddable":true,"href":"https:\/\/leselop.usn.no\/index.php?rest_route=\/wp\/v2\/users\/10"}],"replies":[{"embeddable":true,"href":"https:\/\/leselop.usn.no\/index.php?rest_route=%2Fwp%2Fv2%2Fcomments&post=9705"}],"version-history":[{"count":6,"href":"https:\/\/leselop.usn.no\/index.php?rest_route=\/wp\/v2\/pages\/9705\/revisions"}],"predecessor-version":[{"id":10458,"href":"https:\/\/leselop.usn.no\/index.php?rest_route=\/wp\/v2\/pages\/9705\/revisions\/10458"}],"wp:attachment":[{"href":"https:\/\/leselop.usn.no\/index.php?rest_route=%2Fwp%2Fv2%2Fmedia&parent=9705"}],"wp:term":[{"taxonomy":"trinn","embeddable":true,"href":"https:\/\/leselop.usn.no\/index.php?rest_route=%2Fwp%2Fv2%2Ftrinn&post=9705"},{"taxonomy":"fag","embeddable":true,"href":"https:\/\/leselop.usn.no\/index.php?rest_route=%2Fwp%2Fv2%2Ffag&post=9705"}],"curies":[{"name":"wp","href":"https:\/\/api.w.org\/{rel}","templated":true}]}}