{"id":8549,"date":"2025-06-10T10:41:43","date_gmt":"2025-06-10T08:41:43","guid":{"rendered":"https:\/\/leselop.usn.no\/?page_id=8549"},"modified":"2025-08-07T10:18:38","modified_gmt":"2025-08-07T08:18:38","slug":"leselop-18-aktivitet-7-oppgave","status":"publish","type":"page","link":"https:\/\/leselop.usn.no\/?page_id=8549","title":{"rendered":"20. Tro og viten &#8211; Aktivitet 7 &#8211; Oppgave"},"content":{"rendered":"\n[et_pb_section fb_built=&#8221;1&#8243; _builder_version=&#8221;4.21.0&#8243; _module_preset=&#8221;default&#8221; background_color=&#8221;#f4f4f4&#8243; custom_css_main_element=&#8221;min-height: 100vh;&#8221; da_disable_devices=&#8221;off|off|off&#8221; global_colors_info=&#8221;{}&#8221; da_is_popup=&#8221;off&#8221; da_exit_intent=&#8221;off&#8221; da_has_close=&#8221;on&#8221; da_alt_close=&#8221;off&#8221; da_dark_close=&#8221;off&#8221; da_not_modal=&#8221;on&#8221; da_is_singular=&#8221;off&#8221; da_with_loader=&#8221;off&#8221; da_has_shadow=&#8221;on&#8221;][et_pb_row column_structure=&#8221;1_4,3_4&#8243; use_custom_gutter=&#8221;on&#8221; gutter_width=&#8221;1&#8243; make_equal=&#8221;on&#8221; _builder_version=&#8221;4.21.0&#8243; _module_preset=&#8221;default&#8221; max_width=&#8221;850px&#8221; custom_css_main_element=&#8221;width:75% !important;&#8221; global_colors_info=&#8221;{}&#8221;][et_pb_column type=&#8221;1_4&#8243; _builder_version=&#8221;4.21.0&#8243; _module_preset=&#8221;default&#8221; custom_css_main_element=&#8221;width:12% !important;&#8221; global_colors_info=&#8221;{}&#8221; custom_css_main_element_last_edited=&#8221;on|phone&#8221; custom_css_main_element_tablet=&#8221;width:18% !important;&#8221; custom_css_main_element_phone=&#8221;width:30% !important;&#8221;][et_pb_image src=&#8221;https:\/\/leselop.usn.no\/wp-content\/uploads\/2025\/06\/Leselop-skrive-green.png&#8221; title_text=&#8221;Leselop-skrive-green&#8221; _builder_version=&#8221;4.27.4&#8243; _module_preset=&#8221;default&#8221; hover_enabled=&#8221;0&#8243; global_colors_info=&#8221;{}&#8221; sticky_enabled=&#8221;0&#8243;][\/et_pb_image][\/et_pb_column][et_pb_column type=&#8221;3_4&#8243; _builder_version=&#8221;4.21.0&#8243; _module_preset=&#8221;default&#8221; custom_css_main_element=&#8221;width:88% !important;||margin: auto;||padding-left: 30px;&#8221; global_colors_info=&#8221;{}&#8221; custom_css_main_element_last_edited=&#8221;on|phone&#8221; custom_css_main_element_tablet=&#8221;width:82% !important;||padding-left: 25px;||padding-top:35px&#8221; custom_css_main_element_phone=&#8221;width:70% !important;||padding-left: 15px;||padding-top:35px&#8221;][et_pb_text content_tablet=&#8221;<h1>Oppgave<o:p><\/o:p><\/h1>&#8221; content_phone=&#8221;<h3>Oppgave<\/h3>\n<p><o:p><\/o:p><\/p>&#8221; content_last_edited=&#8221;on|phone&#8221; _builder_version=&#8221;4.27.4&#8243; _module_preset=&#8221;default&#8221; hover_enabled=&#8221;0&#8243; global_colors_info=&#8221;{}&#8221; custom_css_main_element_last_edited=&#8221;on|phone&#8221; sticky_enabled=&#8221;0&#8243;]<h1>Oppgave<\/h1>[\/et_pb_text][\/et_pb_column][\/et_pb_row][et_pb_row custom_padding_last_edited=&#8221;on|tablet&#8221; _builder_version=&#8221;4.27.4&#8243; _module_preset=&#8221;default&#8221; background_color=&#8221;#ffffff&#8221; max_width=&#8221;850px&#8221; max_width_tablet=&#8221;850px&#8221; max_width_phone=&#8221;850px&#8221; max_width_last_edited=&#8221;on|tablet&#8221; custom_margin=&#8221;||||false|false&#8221; custom_margin_tablet=&#8221;20px||||false|false&#8221; custom_margin_phone=&#8221;0px||||false|false&#8221; custom_margin_last_edited=&#8221;on|tablet&#8221; custom_padding=&#8221;70px|70px|70px|70px|false|false&#8221; custom_padding_tablet=&#8221;70px|70px|70px|70px|false|false&#8221; custom_padding_phone=&#8221;50px|50px|40px|50px|false|false&#8221; border_radii=&#8221;on|30px|30px|30px|30px&#8221; border_style_all=&#8221;dotted&#8221; global_colors_info=&#8221;{}&#8221;][et_pb_column type=&#8221;4_4&#8243; _builder_version=&#8221;4.21.0&#8243; _module_preset=&#8221;default&#8221; global_colors_info=&#8221;{}&#8221;][et_pb_text content_tablet=&#8221;<h3>Oppgave: Lage argumentasjonstr\u00e6r<\/h3>&#8221; content_phone=&#8221;<h4>Oppgave: Lage<\/h4>\n<h4>argumentasjonstr\u00e6r<\/h4>&#8221; content_last_edited=&#8221;on|phone&#8221; _builder_version=&#8221;4.27.4&#8243; _module_preset=&#8221;default&#8221; text_font_size=&#8221;17px&#8221; text_line_height=&#8221;1.8em&#8221; custom_margin=&#8221;||30px||false|false&#8221; custom_margin_tablet=&#8221;||||false|false&#8221; custom_margin_phone=&#8221;||||false|false&#8221; custom_margin_last_edited=&#8221;on|phone&#8221; text_line_height_tablet=&#8221;1.8em&#8221; text_line_height_phone=&#8221;1.5em&#8221; text_line_height_last_edited=&#8221;on|desktop&#8221; locked=&#8221;off&#8221; global_colors_info=&#8221;{}&#8221;]<h3>Oppgave: Lage argumentasjonstr\u00e6r<\/h3>[\/et_pb_text][et_pb_text content_tablet=&#8221;<p class=%22p1%22>L\u00e6reren har gjort klar tre store ark med hver sin p\u00e5stand:<\/p>\n<p class=%22p1%22>Ark 1: Det kan gi mening \u00e5 tro p\u00e5 b\u00e5de skapelsesberetningen og evolusjonsteorien samtidig.<\/p>\n<p class=%22p1%22>Ark 2: Det gir bare mening \u00e5 tro p\u00e5 skapelsesberetningen, ikke p\u00e5 evolusjonsteorien.<\/p>\n<p class=%22p1%22>Ark 3: Det gir bare mening \u00e5 tro p\u00e5 evolusjonsteorien, ikke p\u00e5 skapelsesberetningen.<\/p>&#8221; content_phone=&#8221;<p class=%22p1%22>L\u00e6reren har gjort klar tre store ark med hver sin p\u00e5stand:<\/p>\n<p class=%22p1%22>Ark 1: Det kan gi mening \u00e5 tro p\u00e5 b\u00e5de skapelsesberetningen og evolusjonsteorien samtidig.<\/p>\n<p class=%22p1%22>Ark 2: Det gir bare mening \u00e5 tro p\u00e5 skapelsesberetningen, ikke p\u00e5 evolusjonsteorien.<\/p>\n<p class=%22p1%22>Ark 3: Det gir bare mening \u00e5 tro p\u00e5 evolusjonsteorien, ikke p\u00e5 skapelsesberetningen.<\/p>&#8221; content_last_edited=&#8221;on|desktop&#8221; _builder_version=&#8221;4.27.4&#8243; _module_preset=&#8221;default&#8221; text_font_size=&#8221;17px&#8221; text_line_height=&#8221;1.8em&#8221; custom_margin=&#8221;||30px||false|false&#8221; custom_margin_tablet=&#8221;||||false|false&#8221; custom_margin_phone=&#8221;||||false|false&#8221; custom_margin_last_edited=&#8221;on|phone&#8221; text_font_size_tablet=&#8221;16px&#8221; text_font_size_phone=&#8221;15px&#8221; text_font_size_last_edited=&#8221;on|phone&#8221; text_line_height_tablet=&#8221;1.8em&#8221; text_line_height_phone=&#8221;1.5em&#8221; text_line_height_last_edited=&#8221;on|desktop&#8221; locked=&#8221;off&#8221; global_colors_info=&#8221;{}&#8221;]<p class=\"p1\">L\u00e6reren har gjort klar tre store ark med hver sin p\u00e5stand:<\/p>\n<p class=\"p1\">Ark 1: Det kan gi mening \u00e5 tro p\u00e5 b\u00e5de skapelsesberetningen og evolusjonsteorien samtidig.<br \/>Ark 2: Det gir bare mening \u00e5 tro p\u00e5 skapelsesberetningen, ikke p\u00e5 evolusjonsteorien.<br \/>Ark 3: Det gir bare mening \u00e5 tro p\u00e5 evolusjonsteorien, ikke p\u00e5 skapelsesberetningen.<\/p>[\/et_pb_text][et_pb_image src=&#8221;https:\/\/leselop.usn.no\/wp-content\/uploads\/2025\/06\/aktivitet7-bilde4.jpg&#8221; title_text=&#8221;aktivitet7-bilde4&#8243; _builder_version=&#8221;4.27.4&#8243; _module_preset=&#8221;default&#8221; width=&#8221;65%&#8221; width_tablet=&#8221;65%&#8221; width_phone=&#8221;65%&#8221; width_last_edited=&#8221;on|tablet&#8221; custom_margin=&#8221;||||false|false&#8221; global_colors_info=&#8221;{}&#8221;][\/et_pb_image][et_pb_text content_tablet=&#8221;<h3>Oppgave: Lage argumentasjonstr\u00e6r<\/h3>&#8221; content_phone=&#8221;<h4>Oppgave: Lage<\/h4>\n<h4>argumentasjonstr\u00e6r<\/h4>&#8221; content_last_edited=&#8221;on|phone&#8221; _builder_version=&#8221;4.27.4&#8243; _module_preset=&#8221;default&#8221; text_font_size=&#8221;17px&#8221; text_line_height=&#8221;1.8em&#8221; custom_margin=&#8221;90px||30px||false|false&#8221; custom_margin_tablet=&#8221;60px||||false|false&#8221; custom_margin_phone=&#8221;||||false|false&#8221; custom_margin_last_edited=&#8221;on|phone&#8221; text_line_height_tablet=&#8221;1.8em&#8221; text_line_height_phone=&#8221;1.5em&#8221; text_line_height_last_edited=&#8221;on|desktop&#8221; locked=&#8221;off&#8221; global_colors_info=&#8221;{}&#8221;]<h3>Oppgave: Lage argumentasjonstr\u00e6r<\/h3>[\/et_pb_text][et_pb_text content_tablet=&#8221;<p class=%22p1%22>L\u00e6reren forklarer hvordan man kan vurdere om en p\u00e5stand er gyldig eller ikke. Elevene g\u00e5r til argumentasjonstr\u00e6rne og diskuterer om argumentene er gyldige eller ikke, gjennom \u00e5 diskutere om argumentene er logiske\/gyldige:<\/p>\n<ul>\n<li class=%22p1%22>Er p\u00e5standen sann?<\/li>\n<li class=%22p1%22>Virker den sannsynlig og rimelig?<\/li>\n<li class=%22p1%22>Har argumentet betydning for saken?<\/li>\n<li class=%22p1%22>Hvor sterke er argumentene med tanke p\u00e5 mulige motargumenter?<\/li>\n<li class=%22p1%22>Er alle viktige sider ved saken belyst?<\/li>\n<\/ul>\n<p class=%22p2%22>\n<p class=%22p1%22>L\u00e6reren oppsummerer argumentasjonstr\u00e5dene fra arkene<\/p>&#8221; content_phone=&#8221;<p class=%22p1%22>L\u00e6reren forklarer hvordan man kan vurdere om en p\u00e5stand er gyldig eller ikke. Elevene g\u00e5r til argumentasjonstr\u00e6rne og diskuterer om argumentene er gyldige eller ikke, gjennom \u00e5 diskutere om argumentene er logiske\/gyldige:<\/p>\n<ul>\n<li class=%22p1%22>Er p\u00e5standen sann?<\/li>\n<li class=%22p1%22>Virker den sannsynlig og rimelig?<\/li>\n<li class=%22p1%22>Har argumentet betydning for saken?<\/li>\n<li class=%22p1%22>Hvor sterke er argumentene med tanke p\u00e5 mulige motargumenter?<\/li>\n<li class=%22p1%22>Er alle viktige sider ved saken belyst?<\/li>\n<\/ul>\n<p class=%22p2%22>\n<p class=%22p1%22>L\u00e6reren oppsummerer argumentasjonstr\u00e5dene fra arkene<\/p>&#8221; content_last_edited=&#8221;on|phone&#8221; _builder_version=&#8221;4.27.4&#8243; _module_preset=&#8221;default&#8221; text_font_size=&#8221;17px&#8221; text_line_height=&#8221;1.8em&#8221; custom_margin=&#8221;||30px||false|false&#8221; custom_margin_tablet=&#8221;||||false|false&#8221; custom_margin_phone=&#8221;||||false|false&#8221; custom_margin_last_edited=&#8221;on|phone&#8221; text_font_size_tablet=&#8221;16px&#8221; text_font_size_phone=&#8221;15px&#8221; text_font_size_last_edited=&#8221;on|phone&#8221; text_line_height_tablet=&#8221;1.8em&#8221; text_line_height_phone=&#8221;1.5em&#8221; text_line_height_last_edited=&#8221;on|desktop&#8221; locked=&#8221;off&#8221; global_colors_info=&#8221;{}&#8221;]<p class=\"p1\">L\u00e6reren forklarer hvordan man kan vurdere om en p\u00e5stand er gyldig eller ikke. Elevene g\u00e5r til argumentasjonstr\u00e6rne og diskuterer om argumentene er gyldige eller ikke, gjennom \u00e5 diskutere om argumentene er logiske\/gyldige:<\/p>\n<ul>\n<li class=\"p1\">Er p\u00e5standen sann?<\/li>\n<li class=\"p1\">Virker den sannsynlig og rimelig?<\/li>\n<li class=\"p1\">Har argumentet betydning for saken?<\/li>\n<li class=\"p1\">Hvor sterke er argumentene med tanke p\u00e5 mulige motargumenter?<\/li>\n<li class=\"p1\">Er alle viktige sider ved saken belyst?<\/li>\n<\/ul>\n<p class=\"p1\">L\u00e6reren oppsummerer argumentasjonstr\u00e5dene fra arkene<\/p>[\/et_pb_text][\/et_pb_column][\/et_pb_row][et_pb_row _builder_version=&#8221;4.21.0&#8243; _module_preset=&#8221;default&#8221; max_width=&#8221;850px&#8221; module_alignment=&#8221;center&#8221; custom_css_main_element=&#8221;display:flex;||justify-content: center;&#8221; global_colors_info=&#8221;{}&#8221;][et_pb_column type=&#8221;4_4&#8243; _builder_version=&#8221;4.21.0&#8243; _module_preset=&#8221;default&#8221; global_colors_info=&#8221;{}&#8221;][et_pb_code _builder_version=&#8221;4.21.0&#8243; _module_preset=&#8221;default&#8221; text_orientation=&#8221;center&#8221; text_orientation_tablet=&#8221;center&#8221; text_orientation_phone=&#8221;center&#8221; text_orientation_last_edited=&#8221;on|desktop&#8221; global_colors_info=&#8221;{}&#8221;]<button id=\"backButton\" style=\"<!-- [et_pb_line_break_holder] -->background: #8dcfb7; <!-- [et_pb_line_break_holder] -->border-radius: 10px; <!-- [et_pb_line_break_holder] -->width: 100px; <!-- [et_pb_line_break_holder] -->height: 40px; <!-- [et_pb_line_break_holder] -->border: none; <!-- [et_pb_line_break_holder] -->font-size: 18px;<!-- [et_pb_line_break_holder] -->color: #000000; <!-- [et_pb_line_break_holder] -->transform: uppercase;&#8221; <!-- [et_pb_line_break_holder] -->onmouseover=&#8221;this.style.backgroundColor=&#8217;#5a5e5e&#8217;; this.style.color=&#8217;#ffffff&#8217;;&#8221;<!-- [et_pb_line_break_holder] -->onmouseout=&#8221;this.style.backgroundColor=&#8217;#8dcfb7&#8242;; this.style.color=&#8217;#000000&#8242;;&#8221; <!-- [et_pb_line_break_holder] -->onclick=&#8221;myFunction()&#8221;>Tilbake<\/button><!-- [et_pb_line_break_holder] --><!-- [et_pb_line_break_holder] --><script><!-- [et_pb_line_break_holder] -->document.addEventListener('DOMContentLoaded', function() {<!-- [et_pb_line_break_holder] -->  var backButton = document.getElementById('backButton'); <!-- [et_pb_line_break_holder] -->  <!-- [et_pb_line_break_holder] -->  if (backButton) {<!-- [et_pb_line_break_holder] -->    backButton.addEventListener('click', function() {<!-- [et_pb_line_break_holder] -->      window.history.back();<!-- [et_pb_line_break_holder] -->    });<!-- [et_pb_line_break_holder] -->  }<!-- [et_pb_line_break_holder] -->});<!-- [et_pb_line_break_holder] --><\/script><!-- [et_pb_line_break_holder] -->[\/et_pb_code][\/et_pb_column][\/et_pb_row][\/et_pb_section]\n","protected":false},"excerpt":{"rendered":"<p>OppgaveOppgave: Lage argumentasjonstr\u00e6rL\u00e6reren har gjort klar tre store ark med hver sin p\u00e5stand: Ark 1: Det kan gi mening \u00e5 tro p\u00e5 b\u00e5de skapelsesberetningen og evolusjonsteorien samtidig.Ark 2: Det gir bare mening \u00e5 tro p\u00e5 skapelsesberetningen, ikke p\u00e5 evolusjonsteorien.Ark 3: Det gir bare mening \u00e5 tro p\u00e5 evolusjonsteorien, ikke p\u00e5 skapelsesberetningen.Oppgave: Lage argumentasjonstr\u00e6rL\u00e6reren forklarer hvordan [&hellip;]<\/p>\n","protected":false},"author":10,"featured_media":0,"parent":0,"menu_order":0,"comment_status":"closed","ping_status":"closed","template":"","meta":{"_et_pb_use_builder":"on","_et_pb_old_content":"","_et_gb_content_width":"","footnotes":""},"trinn":[],"fag":[],"class_list":["post-8549","page","type-page","status-publish","hentry"],"_links":{"self":[{"href":"https:\/\/leselop.usn.no\/index.php?rest_route=\/wp\/v2\/pages\/8549","targetHints":{"allow":["GET"]}}],"collection":[{"href":"https:\/\/leselop.usn.no\/index.php?rest_route=\/wp\/v2\/pages"}],"about":[{"href":"https:\/\/leselop.usn.no\/index.php?rest_route=\/wp\/v2\/types\/page"}],"author":[{"embeddable":true,"href":"https:\/\/leselop.usn.no\/index.php?rest_route=\/wp\/v2\/users\/10"}],"replies":[{"embeddable":true,"href":"https:\/\/leselop.usn.no\/index.php?rest_route=%2Fwp%2Fv2%2Fcomments&post=8549"}],"version-history":[{"count":4,"href":"https:\/\/leselop.usn.no\/index.php?rest_route=\/wp\/v2\/pages\/8549\/revisions"}],"predecessor-version":[{"id":10085,"href":"https:\/\/leselop.usn.no\/index.php?rest_route=\/wp\/v2\/pages\/8549\/revisions\/10085"}],"wp:attachment":[{"href":"https:\/\/leselop.usn.no\/index.php?rest_route=%2Fwp%2Fv2%2Fmedia&parent=8549"}],"wp:term":[{"taxonomy":"trinn","embeddable":true,"href":"https:\/\/leselop.usn.no\/index.php?rest_route=%2Fwp%2Fv2%2Ftrinn&post=8549"},{"taxonomy":"fag","embeddable":true,"href":"https:\/\/leselop.usn.no\/index.php?rest_route=%2Fwp%2Fv2%2Ffag&post=8549"}],"curies":[{"name":"wp","href":"https:\/\/api.w.org\/{rel}","templated":true}]}}