{"id":7220,"date":"2025-03-26T13:42:19","date_gmt":"2025-03-26T12:42:19","guid":{"rendered":"https:\/\/leselop.usn.no\/?page_id=7220"},"modified":"2025-08-29T13:16:11","modified_gmt":"2025-08-29T11:16:11","slug":"leselop-13-aktivitet-10-oppgaver","status":"publish","type":"page","link":"https:\/\/leselop.usn.no\/?page_id=7220","title":{"rendered":"14. Multiple tekster i samfunnsfag &#8211; Aktivitet 9 &#8211; Oppgaver"},"content":{"rendered":"<p>[et_pb_section fb_built=&#8221;1&#8243; _builder_version=&#8221;4.21.0&#8243; _module_preset=&#8221;default&#8221; background_color=&#8221;#f4f4f4&#8243; custom_css_main_element=&#8221;min-height: 100vh;&#8221; da_disable_devices=&#8221;off|off|off&#8221; global_colors_info=&#8221;{}&#8221; da_is_popup=&#8221;off&#8221; da_exit_intent=&#8221;off&#8221; da_has_close=&#8221;on&#8221; da_alt_close=&#8221;off&#8221; da_dark_close=&#8221;off&#8221; da_not_modal=&#8221;on&#8221; da_is_singular=&#8221;off&#8221; da_with_loader=&#8221;off&#8221; da_has_shadow=&#8221;on&#8221;][et_pb_row column_structure=&#8221;1_4,3_4&#8243; use_custom_gutter=&#8221;on&#8221; gutter_width=&#8221;1&#8243; make_equal=&#8221;on&#8221; _builder_version=&#8221;4.27.4&#8243; _module_preset=&#8221;default&#8221; max_width=&#8221;850px&#8221; custom_css_main_element=&#8221;width:75% !important;&#8221; global_colors_info=&#8221;{}&#8221;][et_pb_column type=&#8221;1_4&#8243; _builder_version=&#8221;4.21.0&#8243; _module_preset=&#8221;default&#8221; custom_css_main_element=&#8221;width:12% !important;&#8221; global_colors_info=&#8221;{}&#8221; custom_css_main_element_last_edited=&#8221;on|phone&#8221; custom_css_main_element_tablet=&#8221;width:18% !important;&#8221; custom_css_main_element_phone=&#8221;width:30% !important;&#8221;][et_pb_image src=&#8221;https:\/\/leselop.usn.no\/wp-content\/uploads\/2025\/06\/Leselop-skrive-green.png&#8221; title_text=&#8221;Leselop-skrive-green&#8221; src_tablet=&#8221;https:\/\/leselop.usn.no\/wp-content\/uploads\/2025\/06\/Leselop-skrive-green.png&#8221; src_phone=&#8221;https:\/\/leselop.usn.no\/wp-content\/uploads\/2025\/06\/Leselop-skrive-green.png&#8221; src_last_edited=&#8221;on|phone&#8221; _builder_version=&#8221;4.27.4&#8243; _module_preset=&#8221;default&#8221; global_colors_info=&#8221;{}&#8221;][\/et_pb_image][\/et_pb_column][et_pb_column type=&#8221;3_4&#8243; _builder_version=&#8221;4.27.4&#8243; _module_preset=&#8221;default&#8221; custom_css_main_element=&#8221;width:88% !important;||margin: auto;||padding-left: 30px;&#8221; global_colors_info=&#8221;{}&#8221; custom_css_main_element_last_edited=&#8221;on|phone&#8221; custom_css_main_element_tablet=&#8221;width:82% !important;||padding-left: 25px;||padding-top:32px&#8221; custom_css_main_element_phone=&#8221;width:70% !important;||padding-left: 15px;||padding-top:29px&#8221;][et_pb_text content_tablet=&#8221;<\/p>\n<h1>Oppgaver<\/h1>\n<p>&#8221; content_phone=&#8221;<\/p>\n<h3>Oppgaver<\/h3>\n<p>&#8221; content_last_edited=&#8221;on|phone&#8221; _builder_version=&#8221;4.27.4&#8243; _module_preset=&#8221;default&#8221; global_colors_info=&#8221;{}&#8221; custom_css_main_element_last_edited=&#8221;on|phone&#8221;]<\/p>\n<h1>Oppgaver<\/h1>\n<p>[\/et_pb_text][\/et_pb_column][\/et_pb_row][et_pb_row custom_padding_last_edited=&#8221;on|phone&#8221; _builder_version=&#8221;4.27.4&#8243; _module_preset=&#8221;default&#8221; background_color=&#8221;#ffffff&#8221; max_width=&#8221;850px&#8221; max_width_tablet=&#8221;850px&#8221; max_width_phone=&#8221;850px&#8221; max_width_last_edited=&#8221;on|desktop&#8221; custom_padding=&#8221;80px|70px|60px|60px|false|false&#8221; custom_padding_tablet=&#8221;80px|55px|10px|55px|false|false&#8221; custom_padding_phone=&#8221;60px|50px|60px|50px|false|false&#8221; border_radii=&#8221;off|30px|30px|30px|30px&#8221; border_style_all=&#8221;dotted&#8221; global_colors_info=&#8221;{}&#8221;][et_pb_column type=&#8221;4_4&#8243; _builder_version=&#8221;4.21.0&#8243; _module_preset=&#8221;default&#8221; global_colors_info=&#8221;{}&#8221;][et_pb_text content_tablet=&#8221;<\/p>\n<h3>Rollespill om rettsaken<\/h3>\n<p>&#8221; content_phone=&#8221;<\/p>\n<h4>Rollespill om rettsaken<\/h4>\n<p>&#8221; content_last_edited=&#8221;on|phone&#8221; _builder_version=&#8221;4.27.4&#8243; _module_preset=&#8221;default&#8221; text_font_size=&#8221;17px&#8221; text_line_height=&#8221;1.8em&#8221; custom_margin=&#8221;||10px||false|false&#8221; custom_margin_tablet=&#8221;||20px||false|false&#8221; custom_margin_phone=&#8221;||10px||false|false&#8221; custom_margin_last_edited=&#8221;on|phone&#8221; text_line_height_tablet=&#8221;1.8em&#8221; text_line_height_phone=&#8221;1.5em&#8221; text_line_height_last_edited=&#8221;on|desktop&#8221; locked=&#8221;off&#8221; global_colors_info=&#8221;{}&#8221;]<\/p>\n<h3>Rollespill om rettsaken<\/h3>\n<p>[\/et_pb_text][et_pb_text content_tablet=&#8221;<\/p>\n<p>En elev (eventuelt flere elever) fra hver gruppe velges ut til \u00e5 representere saken fra sin rolles st\u00e5sted. Resten av klassen representerer juryen som skal avgj\u00f8re hvem som er skyldig, medskyldig, uskyldig eller vitne i saken. L\u00e6reren g\u00e5r igjen inn i rollen som dommer, starter med \u00e5 sl\u00e5 i bordet: \u00abretten er satt!\u00bb<\/p>\n<p>&#8221; content_phone=&#8221;<\/p>\n<p>En elev (eventuelt flere elever) fra hver gruppe velges ut til \u00e5 representere saken fra sin rolles st\u00e5sted. Resten av klassen representerer juryen som skal avgj\u00f8re hvem som er skyldig, medskyldig, uskyldig eller vitne i saken. L\u00e6reren g\u00e5r igjen inn i rollen som dommer, starter med \u00e5 sl\u00e5 i bordet: \u00abretten er satt!\u00bb<\/p>\n<p>&#8221; content_last_edited=&#8221;on|tablet&#8221; _builder_version=&#8221;4.27.4&#8243; _module_preset=&#8221;default&#8221; text_font_size=&#8221;17px&#8221; text_line_height=&#8221;1.8em&#8221; custom_margin=&#8221;||60px||false|false&#8221; text_font_size_tablet=&#8221;16px&#8221; text_font_size_phone=&#8221;15px&#8221; text_font_size_last_edited=&#8221;on|phone&#8221; locked=&#8221;off&#8221; global_colors_info=&#8221;{}&#8221;]<\/p>\n<p>En elev (eventuelt flere elever) fra hver gruppe velges ut til \u00e5 representere saken fra sin rolles st\u00e5sted. Resten av klassen representerer juryen som skal avgj\u00f8re hvem som er skyldig, medskyldig, uskyldig eller vitne i saken. L\u00e6reren g\u00e5r igjen inn i rollen som dommer, starter med \u00e5 sl\u00e5 i bordet: \u00abretten er satt!\u00bb<\/p>\n<p>[\/et_pb_text][et_pb_text content_tablet=&#8221;<\/p>\n<h3>L\u00e6rere starter med \u00e5 repetere:<\/h3>\n<p>&#8221; content_phone=&#8221;<\/p>\n<h4>L\u00e6rere starter med \u00e5 repetere:<\/h4>\n<p>&#8221; content_last_edited=&#8221;on|phone&#8221; _builder_version=&#8221;4.27.4&#8243; _module_preset=&#8221;default&#8221; text_font_size=&#8221;17px&#8221; text_line_height=&#8221;1.8em&#8221; header_line_height=&#8221;1.2em&#8221; header_4_line_height=&#8221;1.3em&#8221; custom_margin=&#8221;||10px||false|false&#8221; custom_margin_tablet=&#8221;||20px||false|false&#8221; custom_margin_phone=&#8221;||10px||false|false&#8221; custom_margin_last_edited=&#8221;on|phone&#8221; text_line_height_tablet=&#8221;1.8em&#8221; text_line_height_phone=&#8221;1.7em&#8221; text_line_height_last_edited=&#8221;on|desktop&#8221; locked=&#8221;off&#8221; global_colors_info=&#8221;{}&#8221;]<\/p>\n<h3>L\u00e6rere starter med \u00e5 repetere:<\/h3>\n<p>[\/et_pb_text][et_pb_text content_tablet=&#8221;<\/p>\n<p><em>Vi er, som tidligere nevnt, samlet her i retten i dag for \u00e5 bringe frem sannheten om en av kunsthistoriens meste kjente hendelser eller g\u00e5ter. Det vil si hendelsen hvor Van Gogh skal ha sk\u00e5ret av seg det ene \u00f8re. Dette er en alvorlig hendelse som skremte mange mennesker i sin tid og det er fortsatt mange som \u00f8nsker \u00e5 komme til bunns i saken. Hvordan og hvorfor valgte en av ettertidens mest kjente kunstneriske skikkelser \u00e5 gj\u00f8re noe s\u00e5 dramatisk? Hva forteller det oss i ettertid om hans helse og hva kunne ha v\u00e6rt gjort for \u00e5 hindre at et menneske blir s\u00e5 fortvilet? Det er n\u00e5 gjennomf\u00f8rt en st\u00f8rre etterforskning av saken, og f\u00f8lgende personer er innkalt i retten. Jeg ber disse reise seg ved opplesning. Vincent Van Gogh, Hans bror Theo Van Gogh, Vincents tidligere venn og kunstnerkollega Paul Gaugain, Landsbylegen Doktor Felix Rey, en kvinne som skal ha v\u00e6rt i kontakt med Vincent den aktuelle kvelden\/natten, politimann som var involvert i hendelsen. <\/em><\/p>\n<p>&#8221; content_phone=&#8221;<\/p>\n<p><em>Vi er, som tidligere nevnt, samlet her i retten i dag for \u00e5 bringe frem sannheten om en av kunsthistoriens meste kjente hendelser eller g\u00e5ter. Det vil si hendelsen hvor Van Gogh skal ha sk\u00e5ret av seg det ene \u00f8re. Dette er en alvorlig hendelse som skremte mange mennesker i sin tid og det er fortsatt mange som \u00f8nsker \u00e5 komme til bunns i saken. Hvordan og hvorfor valgte en av ettertidens mest kjente kunstneriske skikkelser \u00e5 gj\u00f8re noe s\u00e5 dramatisk? Hva forteller det oss i ettertid om hans helse og hva kunne ha v\u00e6rt gjort for \u00e5 hindre at et menneske blir s\u00e5 fortvilet? Det er n\u00e5 gjennomf\u00f8rt en st\u00f8rre etterforskning av saken, og f\u00f8lgende personer er innkalt i retten. Jeg ber disse reise seg ved opplesning. Vincent Van Gogh, Hans bror Theo Van Gogh, Vincents tidligere venn og kunstnerkollega Paul Gaugain, Landsbylegen Doktor Felix Rey, en kvinne som skal ha v\u00e6rt i kontakt med Vincent den aktuelle kvelden\/natten, politimann som var involvert i hendelsen. <\/em><\/p>\n<p>&#8221; content_last_edited=&#8221;on|phone&#8221; _builder_version=&#8221;4.27.4&#8243; _module_preset=&#8221;default&#8221; text_font_size=&#8221;17px&#8221; text_line_height=&#8221;1.8em&#8221; custom_margin=&#8221;||60px||false|false&#8221; text_font_size_tablet=&#8221;16px&#8221; text_font_size_phone=&#8221;15px&#8221; text_font_size_last_edited=&#8221;on|phone&#8221; locked=&#8221;off&#8221; global_colors_info=&#8221;{}&#8221;]<\/p>\n<p><em>Vi er, som tidligere nevnt, samlet her i retten i dag for \u00e5 bringe frem sannheten om en av kunsthistoriens meste kjente hendelser eller g\u00e5ter. Det vil si hendelsen hvor Van Gogh skal ha sk\u00e5ret av seg det ene \u00f8re. Dette er en alvorlig hendelse som skremte mange mennesker i sin tid og det er fortsatt mange som \u00f8nsker \u00e5 komme til bunns i saken. Hvordan og hvorfor valgte en av ettertidens mest kjente kunstneriske skikkelser \u00e5 gj\u00f8re noe s\u00e5 dramatisk? Hva forteller det oss i ettertid om hans helse og hva kunne ha v\u00e6rt gjort for \u00e5 hindre at et menneske blir s\u00e5 fortvilet? Det er n\u00e5 gjennomf\u00f8rt en st\u00f8rre etterforskning av saken, og f\u00f8lgende personer er innkalt i retten. Jeg ber disse reise seg ved opplesning. Vincent Van Gogh, Hans bror Theo Van Gogh, Vincents tidligere venn og kunstnerkollega Paul Gaugain, Landsbylegen Doktor Felix Rey, en kvinne som skal ha v\u00e6rt i kontakt med Vincent den aktuelle kvelden\/natten, politimann som var involvert i hendelsen. <\/em><\/p>\n<p>[\/et_pb_text][et_pb_text content_tablet=&#8221;<\/p>\n<h3>De utvalgte elevene tar plass fremme ved kateteret. L\u00e6reren gjennomg\u00e5r de ulike sp\u00f8rsm\u00e5lene p\u00e5 nytt og elevene m\u00e5 svare hver for seg:<\/h3>\n<p>&#8221; content_phone=&#8221;<\/p>\n<h4>De utvalgte elevene tar plass fremme ved kateteret. L\u00e6reren gjennomg\u00e5r de ulike sp\u00f8rsm\u00e5lene p\u00e5 nytt og elevene m\u00e5 svare hver for seg:<\/h4>\n<p>&#8221; content_last_edited=&#8221;on|phone&#8221; _builder_version=&#8221;4.27.4&#8243; _module_preset=&#8221;default&#8221; text_font_size=&#8221;17px&#8221; text_line_height=&#8221;1.8em&#8221; header_3_line_height=&#8221;1.4em&#8221; header_4_line_height=&#8221;1.5em&#8221; custom_margin=&#8221;||10px||false|false&#8221; custom_margin_tablet=&#8221;||20px||false|false&#8221; custom_margin_phone=&#8221;||10px||false|false&#8221; custom_margin_last_edited=&#8221;on|phone&#8221; text_line_height_tablet=&#8221;1.8em&#8221; text_line_height_phone=&#8221;1.5em&#8221; text_line_height_last_edited=&#8221;on|desktop&#8221; locked=&#8221;off&#8221; global_colors_info=&#8221;{}&#8221;]<\/p>\n<h3>De utvalgte elevene tar plass fremme ved kateteret. L\u00e6reren gjennomg\u00e5r de ulike sp\u00f8rsm\u00e5lene p\u00e5 nytt og elevene m\u00e5 svare hver for seg:<\/h3>\n<p>[\/et_pb_text][et_pb_text content_tablet=&#8221;<\/p>\n<ol>\n<li>Hva er din rolle i saken (skyldig, medskyldig, vitne) og hva er ditt forhold til Vincent?<\/li>\n<li>Hva er ditt syn p\u00e5 skyldsp\u00f8rsm\u00e5let? (Hva skjedde, hvem gjorde hva, hvem for\u00e5rsaket at det skjedde)?<\/li>\n<li>Er det du sier troverdig? Begrunn.<\/li>\n<li>Ditt siste ord (forsvarstale, angrep\/beskyldning av en annen i rettsaken eller et vitneutsagn om hva du har sett).<\/li>\n<\/ol>\n<p>&#8221; content_phone=&#8221;<\/p>\n<ol>\n<li>Hva er din rolle i saken (skyldig, medskyldig, vitne) og hva er ditt forhold til Vincent?<\/li>\n<li>Hva er ditt syn p\u00e5 skyldsp\u00f8rsm\u00e5let? (Hva skjedde, hvem gjorde hva, hvem for\u00e5rsaket at det skjedde)?<\/li>\n<li>Er det du sier troverdig? Begrunn.<\/li>\n<li>Ditt siste ord (forsvarstale, angrep\/beskyldning av en annen i rettsaken eller et vitneutsagn om hva du har sett).<\/li>\n<\/ol>\n<p>&#8221; content_last_edited=&#8221;on|phone&#8221; _builder_version=&#8221;4.27.4&#8243; _module_preset=&#8221;default&#8221; text_font_size=&#8221;17px&#8221; text_line_height=&#8221;1.8em&#8221; custom_margin=&#8221;||60px||false|false&#8221; text_font_size_tablet=&#8221;16px&#8221; text_font_size_phone=&#8221;15px&#8221; text_font_size_last_edited=&#8221;on|phone&#8221; locked=&#8221;off&#8221; global_colors_info=&#8221;{}&#8221;]<\/p>\n<ol>\n<li>Hva er din rolle i saken (skyldig, medskyldig, vitne) og hva er ditt forhold til Vincent?<\/li>\n<li>Hva er ditt syn p\u00e5 skyldsp\u00f8rsm\u00e5let? (Hva skjedde, hvem gjorde hva, hvem for\u00e5rsaket at det skjedde)?<\/li>\n<li>Er det du sier troverdig? Begrunn.<\/li>\n<li>Ditt siste ord (forsvarstale, angrep\/beskyldning av en annen i rettsaken eller et vitneutsagn om hva du har sett).<\/li>\n<\/ol>\n<p>[\/et_pb_text][et_pb_text content_tablet=&#8221;<\/p>\n<h3>Rettsaken avslutter med at l\u00e6reren sl\u00e5r dommerhammeren og oppsummerer. Et eksempel er:<\/h3>\n<p>&#8221; content_phone=&#8221;<\/p>\n<h4>Rettsaken avslutter med at l\u00e6reren sl\u00e5r dommerhammeren og oppsummerer. Et eksempel er:<\/h4>\n<p>&#8221; content_last_edited=&#8221;on|phone&#8221; _builder_version=&#8221;4.27.4&#8243; _module_preset=&#8221;default&#8221; text_font_size=&#8221;17px&#8221; text_line_height=&#8221;1.8em&#8221; header_3_line_height=&#8221;1.4em&#8221; header_4_line_height=&#8221;1.5em&#8221; custom_margin=&#8221;||10px||false|false&#8221; custom_margin_tablet=&#8221;||20px||false|false&#8221; custom_margin_phone=&#8221;||10px||false|false&#8221; custom_margin_last_edited=&#8221;on|phone&#8221; text_line_height_tablet=&#8221;1.8em&#8221; text_line_height_phone=&#8221;1.5em&#8221; text_line_height_last_edited=&#8221;on|desktop&#8221; locked=&#8221;off&#8221; global_colors_info=&#8221;{}&#8221;]<\/p>\n<h3>Rettsaken avslutter med at l\u00e6reren sl\u00e5r dommerhammeren og oppsummerer. Et eksempel er:<\/h3>\n<p>[\/et_pb_text][et_pb_text content_tablet=&#8221;<\/p>\n<p><em>Dommen er klar. Bevisene antyder at Van Gogh skar av seg store deler av \u00f8ret etter <\/em><em>krangelen med sin venn Gaugain som gjorde han sv\u00e6rt oppr\u00f8rt og fortvilet. Heldigvis er han n\u00e5 p\u00e5 bedringens vei og b\u00f8r pleie helsa fremover. Gaugain er likevel fortsatt i politiets s\u00f8kelys og vil bli innkalt til avh\u00f8r dersom nye bevis foreligger. Selv om Gaugain og hans bror Theo kanskje ikke har direkte syld, ansees begge som medvirkende til Van Goghs sammenbrudd. Brevet fra Theo var hensynsl\u00f8st. Gaugain handlet ikke som en god kollega og venn. Vi anbefaler slik ogs\u00e5 Doktor Rey har uttrykt, at Vincent f\u00e5r hvile og at han trenger st\u00f8tte og tr\u00f8st. <\/em><\/p>\n<p>Juryen diskuterer og stemmer over hvem som er skyldige, medskyldig eller vitne i saken.<\/p>\n<p>&#8221; content_phone=&#8221;<\/p>\n<p><em>Dommen er klar. Bevisene antyder at Van Gogh skar av seg store deler av \u00f8ret etter <\/em><em>krangelen med sin venn Gaugain som gjorde han sv\u00e6rt oppr\u00f8rt og fortvilet. Heldigvis er han n\u00e5 p\u00e5 bedringens vei og b\u00f8r pleie helsa fremover. Gaugain er likevel fortsatt i politiets s\u00f8kelys og vil bli innkalt til avh\u00f8r dersom nye bevis foreligger. Selv om Gaugain og hans bror Theo kanskje ikke har direkte syld, ansees begge som medvirkende til Van Goghs sammenbrudd. Brevet fra Theo var hensynsl\u00f8st. Gaugain handlet ikke som en god kollega og venn. Vi anbefaler slik ogs\u00e5 Doktor Rey har uttrykt, at Vincent f\u00e5r hvile og at han trenger st\u00f8tte og tr\u00f8st. <\/em><\/p>\n<p>Juryen diskuterer og stemmer over hvem som er skyldige, medskyldig eller vitne i saken.<\/p>\n<p>&#8221; content_last_edited=&#8221;on|phone&#8221; _builder_version=&#8221;4.27.4&#8243; _module_preset=&#8221;default&#8221; text_font_size=&#8221;17px&#8221; text_line_height=&#8221;1.8em&#8221; custom_margin=&#8221;||60px||false|false&#8221; hover_enabled=&#8221;0&#8243; text_font_size_tablet=&#8221;16px&#8221; text_font_size_phone=&#8221;15px&#8221; text_font_size_last_edited=&#8221;on|phone&#8221; locked=&#8221;off&#8221; global_colors_info=&#8221;{}&#8221; sticky_enabled=&#8221;0&#8243;]<\/p>\n<p><em>Dommen er klar. Bevisene antyder at Van Gogh skar av seg store deler av \u00f8ret etter <\/em><em>krangelen med sin venn Gaugain som gjorde han sv\u00e6rt oppr\u00f8rt og fortvilet. Heldigvis er han n\u00e5 p\u00e5 bedringens vei og b\u00f8r pleie helsa fremover. Gaugain er likevel fortsatt i politiets s\u00f8kelys og vil bli innkalt til avh\u00f8r dersom nye bevis foreligger. Selv om Gaugain og hans bror Theo kanskje ikke har direkte syld, ansees begge som medvirkende til Van Goghs sammenbrudd. Brevet fra Theo var hensynsl\u00f8st. Gaugain handlet ikke som en god kollega og venn. Vi anbefaler slik ogs\u00e5 Doktor Rey har uttrykt, at Vincent f\u00e5r hvile og at han trenger st\u00f8tte og tr\u00f8st. <\/em><\/p>\n<p>Juryen diskuterer og stemmer over hvem som er skyldige, medskyldig eller vitne i saken.<\/p>\n<p>[\/et_pb_text][\/et_pb_column][\/et_pb_row][et_pb_row _builder_version=&#8221;4.21.0&#8243; _module_preset=&#8221;default&#8221; max_width=&#8221;850px&#8221; module_alignment=&#8221;center&#8221; custom_css_main_element=&#8221;display:flex;||justify-content: center;&#8221; global_colors_info=&#8221;{}&#8221;][et_pb_column type=&#8221;4_4&#8243; _builder_version=&#8221;4.21.0&#8243; _module_preset=&#8221;default&#8221; global_colors_info=&#8221;{}&#8221;][et_pb_code _builder_version=&#8221;4.21.0&#8243; _module_preset=&#8221;default&#8221; text_orientation=&#8221;center&#8221; text_orientation_tablet=&#8221;center&#8221; text_orientation_phone=&#8221;center&#8221; text_orientation_last_edited=&#8221;on|desktop&#8221; global_colors_info=&#8221;{}&#8221;]<button id=\"backButton\" style=\"<!-- [et_pb_line_break_holder] -->background: #8dcfb7; <!-- [et_pb_line_break_holder] -->border-radius: 10px; <!-- [et_pb_line_break_holder] -->width: 100px; <!-- [et_pb_line_break_holder] -->height: 40px; <!-- [et_pb_line_break_holder] -->border: none; <!-- [et_pb_line_break_holder] -->font-size: 18px;<!-- [et_pb_line_break_holder] -->color: #000000; <!-- [et_pb_line_break_holder] -->transform: uppercase;&#8221; <!-- [et_pb_line_break_holder] -->onmouseover=&#8221;this.style.backgroundColor=&#8217;#5a5e5e&#8217;; this.style.color=&#8217;#ffffff&#8217;;&#8221;<!-- [et_pb_line_break_holder] -->onmouseout=&#8221;this.style.backgroundColor=&#8217;#8dcfb7&#8242;; this.style.color=&#8217;#000000&#8242;;&#8221; <!-- [et_pb_line_break_holder] -->onclick=&#8221;myFunction()&#8221;>Tilbake<\/button><!-- [et_pb_line_break_holder] --><!-- [et_pb_line_break_holder] --><script><!-- [et_pb_line_break_holder] -->document.addEventListener('DOMContentLoaded', function() {<!-- [et_pb_line_break_holder] -->  var backButton = document.getElementById('backButton'); <!-- [et_pb_line_break_holder] -->  <!-- [et_pb_line_break_holder] -->  if (backButton) {<!-- [et_pb_line_break_holder] -->    backButton.addEventListener('click', function() {<!-- [et_pb_line_break_holder] -->      window.history.back();<!-- [et_pb_line_break_holder] -->    });<!-- [et_pb_line_break_holder] -->  }<!-- [et_pb_line_break_holder] -->});<!-- [et_pb_line_break_holder] --><\/script><!-- [et_pb_line_break_holder] -->[\/et_pb_code][\/et_pb_column][\/et_pb_row][\/et_pb_section]<\/p>\n","protected":false},"excerpt":{"rendered":"<p>OppgaverRollespill om rettsakenEn elev (eventuelt flere elever) fra hver gruppe velges ut til \u00e5 representere saken fra sin rolles st\u00e5sted. Resten av klassen representerer juryen som skal avgj\u00f8re hvem som er skyldig, medskyldig, uskyldig eller vitne i saken. L\u00e6reren g\u00e5r igjen inn i rollen som dommer, starter med \u00e5 sl\u00e5 i bordet: \u00abretten er satt!\u00bbL\u00e6rere [&hellip;]<\/p>\n","protected":false},"author":10,"featured_media":0,"parent":0,"menu_order":0,"comment_status":"closed","ping_status":"closed","template":"","meta":{"_et_pb_use_builder":"on","_et_pb_old_content":"","_et_gb_content_width":"","footnotes":""},"trinn":[],"fag":[],"class_list":["post-7220","page","type-page","status-publish","hentry"],"_links":{"self":[{"href":"https:\/\/leselop.usn.no\/index.php?rest_route=\/wp\/v2\/pages\/7220","targetHints":{"allow":["GET"]}}],"collection":[{"href":"https:\/\/leselop.usn.no\/index.php?rest_route=\/wp\/v2\/pages"}],"about":[{"href":"https:\/\/leselop.usn.no\/index.php?rest_route=\/wp\/v2\/types\/page"}],"author":[{"embeddable":true,"href":"https:\/\/leselop.usn.no\/index.php?rest_route=\/wp\/v2\/users\/10"}],"replies":[{"embeddable":true,"href":"https:\/\/leselop.usn.no\/index.php?rest_route=%2Fwp%2Fv2%2Fcomments&post=7220"}],"version-history":[{"count":15,"href":"https:\/\/leselop.usn.no\/index.php?rest_route=\/wp\/v2\/pages\/7220\/revisions"}],"predecessor-version":[{"id":11146,"href":"https:\/\/leselop.usn.no\/index.php?rest_route=\/wp\/v2\/pages\/7220\/revisions\/11146"}],"wp:attachment":[{"href":"https:\/\/leselop.usn.no\/index.php?rest_route=%2Fwp%2Fv2%2Fmedia&parent=7220"}],"wp:term":[{"taxonomy":"trinn","embeddable":true,"href":"https:\/\/leselop.usn.no\/index.php?rest_route=%2Fwp%2Fv2%2Ftrinn&post=7220"},{"taxonomy":"fag","embeddable":true,"href":"https:\/\/leselop.usn.no\/index.php?rest_route=%2Fwp%2Fv2%2Ffag&post=7220"}],"curies":[{"name":"wp","href":"https:\/\/api.w.org\/{rel}","templated":true}]}}