{"id":4926,"date":"2024-12-27T12:53:40","date_gmt":"2024-12-27T11:53:40","guid":{"rendered":"https:\/\/leselop.usn.no\/?page_id=4926"},"modified":"2025-08-07T12:37:19","modified_gmt":"2025-08-07T10:37:19","slug":"leselop-7-aktivitet-4-elevtekster-iscenesettelser","status":"publish","type":"page","link":"https:\/\/leselop.usn.no\/?page_id=4926","title":{"rendered":"7. Tekst i kontekst &#8211; Aktivitet 4 &#8211; Elevtekster\/iscenesettelser"},"content":{"rendered":"\n[et_pb_section fb_built=&#8221;1&#8243; _builder_version=&#8221;4.21.0&#8243; _module_preset=&#8221;default&#8221; background_color=&#8221;#f4f4f4&#8243; custom_css_main_element=&#8221;min-height: 100vh;&#8221; da_disable_devices=&#8221;off|off|off&#8221; global_colors_info=&#8221;{}&#8221; da_is_popup=&#8221;off&#8221; da_exit_intent=&#8221;off&#8221; da_has_close=&#8221;on&#8221; da_alt_close=&#8221;off&#8221; da_dark_close=&#8221;off&#8221; da_not_modal=&#8221;on&#8221; da_is_singular=&#8221;off&#8221; da_with_loader=&#8221;off&#8221; da_has_shadow=&#8221;on&#8221;][et_pb_row column_structure=&#8221;1_4,3_4&#8243; use_custom_gutter=&#8221;on&#8221; gutter_width=&#8221;1&#8243; make_equal=&#8221;on&#8221; _builder_version=&#8221;4.27.4&#8243; _module_preset=&#8221;default&#8221; max_width=&#8221;850px&#8221; custom_css_main_element=&#8221;width:75% !important;&#8221; global_colors_info=&#8221;{}&#8221;][et_pb_column type=&#8221;1_4&#8243; _builder_version=&#8221;4.21.0&#8243; _module_preset=&#8221;default&#8221; custom_css_main_element=&#8221;width:12% !important;&#8221; global_colors_info=&#8221;{}&#8221; custom_css_main_element_last_edited=&#8221;on|phone&#8221; custom_css_main_element_tablet=&#8221;width:18% !important;&#8221; custom_css_main_element_phone=&#8221;width:30% !important;&#8221;][et_pb_image src=&#8221;https:\/\/leselop.usn.no\/wp-content\/uploads\/2025\/06\/Leselop-clapboard-green.png&#8221; title_text=&#8221;Leselop-clapboard-green&#8221; src_tablet=&#8221;https:\/\/leselop.usn.no\/wp-content\/uploads\/2025\/06\/Leselop-clapboard-green.png&#8221; src_phone=&#8221;https:\/\/leselop.usn.no\/wp-content\/uploads\/2025\/06\/Leselop-clapboard-green.png&#8221; src_last_edited=&#8221;on|phone&#8221; _builder_version=&#8221;4.27.4&#8243; _module_preset=&#8221;default&#8221; hover_enabled=&#8221;0&#8243; global_colors_info=&#8221;{}&#8221; sticky_enabled=&#8221;0&#8243;][\/et_pb_image][\/et_pb_column][et_pb_column type=&#8221;3_4&#8243; _builder_version=&#8221;4.27.4&#8243; _module_preset=&#8221;default&#8221; custom_css_main_element=&#8221;width:88% !important;||margin: auto;||padding-left: 30px;&#8221; global_colors_info=&#8221;{}&#8221; custom_css_main_element_last_edited=&#8221;on|phone&#8221; custom_css_main_element_tablet=&#8221;width:82% !important;||padding-left: 25px;||padding-top:32px&#8221; custom_css_main_element_phone=&#8221;width:70% !important;||padding-left: 15px;||padding-top:15px&#8221;][et_pb_text content_tablet=&#8221;<h1>Elevtekster\/iscenesettelser<\/h1>&#8221; content_phone=&#8221;<h3>Elevtekster\/<\/h3>\n<h3>iscenesettelser<\/h3>&#8221; content_last_edited=&#8221;on|phone&#8221; _builder_version=&#8221;4.27.4&#8243; _module_preset=&#8221;default&#8221; hover_enabled=&#8221;0&#8243; global_colors_info=&#8221;{}&#8221; custom_css_main_element_last_edited=&#8221;on|tablet&#8221; sticky_enabled=&#8221;0&#8243;]<h1>Elevtekster\/iscenesettelser<\/h1>[\/et_pb_text][\/et_pb_column][\/et_pb_row][et_pb_row custom_padding_last_edited=&#8221;on|phone&#8221; _builder_version=&#8221;4.21.0&#8243; _module_preset=&#8221;default&#8221; background_color=&#8221;#ffffff&#8221; max_width=&#8221;850px&#8221; max_width_tablet=&#8221;850px&#8221; max_width_phone=&#8221;850px&#8221; max_width_last_edited=&#8221;on|desktop&#8221; custom_padding=&#8221;60px|70px|60px|70px|false|false&#8221; custom_padding_tablet=&#8221;50px|55px|50px|55px|false|false&#8221; custom_padding_phone=&#8221;45px|45px|30px|45px|false|false&#8221; border_radii=&#8221;on|30px|30px|30px|30px&#8221; border_style_all=&#8221;dotted&#8221; global_colors_info=&#8221;{}&#8221;][et_pb_column type=&#8221;4_4&#8243; _builder_version=&#8221;4.21.0&#8243; _module_preset=&#8221;default&#8221; global_colors_info=&#8221;{}&#8221;][et_pb_text content_tablet=&#8221;<p>L\u00e6rer forbereder en kort innledning til tekstlesningen. Innledningen starter med noen biografiske opplysninger som har relevans for det utdraget som skal leses. I presentasjonen av Camilla Collett kan kj\u00e6rlighetslivet hennes fortelles om. I presentasjonen av Oskar Braathen kan tilknytningen hans til arbeiderklassen p\u00e5 Sagene fortelles om. Vider blir handlingsgangen i verket som helhet gjenfortalt kort. L\u00e6reren tydeliggj\u00f8r ogs\u00e5 hvor i verket utdraget er hentet fra.<em><\/em><\/p>\n<ul><\/ul>\n<ul><\/ul>&#8221; content_phone=&#8221;<p>L\u00e6rer forbereder en kort innledning til tekstlesningen. Innledningen starter med noen biografiske opplysninger som har relevans for det utdraget som skal leses. I presentasjonen av Camilla Collett kan kj\u00e6rlighetslivet hennes fortelles om. I presentasjonen av Oskar Braathen kan tilknytningen hans til arbeiderklassen p\u00e5 Sagene fortelles om. Vider blir handlingsgangen i verket som helhet gjenfortalt kort. L\u00e6reren tydeliggj\u00f8r ogs\u00e5 hvor i verket utdraget er hentet fra.<em><\/em><\/p>\n<ul><\/ul>&#8221; content_last_edited=&#8221;on|phone&#8221; _builder_version=&#8221;4.27.4&#8243; _module_preset=&#8221;default&#8221; text_font_size=&#8221;17px&#8221; text_line_height=&#8221;1.8em&#8221; text_line_height_tablet=&#8221;1.8em&#8221; text_line_height_phone=&#8221;1.5em&#8221; text_line_height_last_edited=&#8221;on|desktop&#8221; locked=&#8221;off&#8221; global_colors_info=&#8221;{}&#8221;]<p>L\u00e6rer forbereder en kort innledning til tekstlesningen. Innledningen starter med noen biografiske opplysninger som har relevans for det utdraget som skal leses. I presentasjonen av Camilla Collett kan kj\u00e6rlighetslivet hennes fortelles om. I presentasjonen av Oskar Braathen kan tilknytningen hans til arbeiderklassen p\u00e5 Sagene fortelles om. Vider blir handlingsgangen i verket som helhet gjenfortalt kort. L\u00e6reren tydeliggj\u00f8r ogs\u00e5 hvor i verket utdraget er hentet fra.<em><\/em><\/p>[\/et_pb_text][et_pb_text content_tablet=&#8221;<h4>Forslag til presentasjon av <em>Amtmandens d\u00f8ttre<\/em>:<\/h4>&#8221; content_phone=&#8221;<h4>Forslag til presentasjon av<\/h4>\n<h4><em>Amtmandens d\u00f8ttre<\/em>:<\/h4>&#8221; content_last_edited=&#8221;on|phone&#8221; _builder_version=&#8221;4.27.4&#8243; _module_preset=&#8221;default&#8221; custom_margin=&#8221;50px||5px||false|false&#8221; custom_margin_tablet=&#8221;30px||||false|false&#8221; custom_margin_phone=&#8221;30px||||false|false&#8221; custom_margin_last_edited=&#8221;on|phone&#8221; global_colors_info=&#8221;{}&#8221;]<h4>Forslag til presentasjon av <em>Amtmandens d\u00f8ttre<\/em>:<\/h4>[\/et_pb_text][et_pb_text content_tablet=&#8221;<p><em>I romanen Amtmandens d\u00f8ttre <\/em><em>f\u00f8lger livet til de fire d\u00f8trene til en amtmann, som er en regional embedsmann. Handlingen utspiller seg i en liten norsk bygd og skildrer de sosiale forventningene og presset p\u00e5 kvinner i det norske samfunnet p\u00e5 midten av 1800-tallet. <\/em><em>Hovedpersonen er Sofie som opplever at to eldre s\u00f8stre blir giftet bort mot sin vilje. De er sv\u00e6rt ulykkelige, og Sofie lover seg selv at det samme ikke skal skje med henne. <\/em><em>Sofie er i starten av romanen en forsiktig og f\u00f8lsom jente. Som ungdom forelskelser hun seg i en ung mann som heter Kold. Han er veldig kjekk og er l\u00e6reren til Sofie. P\u00e5 denne tida var det nemlig vanlig at overklassen hadde egne l\u00e6rere som underviste dem hjemme. De to innleder et hemmelig kj\u00e6rlighetsforhold, men s\u00e5 tyvlytter Sofie til en samtale Kold har med en annen mann. I samtalen forteller Kold at han ikke elsker Sofie. Dette gj\u00f8r han for \u00e5 slippe ryktespredning, men Sofie misforst\u00e5r. Hun blir veldig lei seg og vil ikke ha noe mer med Kold \u00e5 gj\u00f8re. Hun inng\u00e5r til slutt et fornuftsekteskap med enkemannen Rein som er en god del eldre enn henne. <\/em><em>Utdraget vi skal lese, er hentet fra Sofies dagboknotater. Her forteller hun om hvordan s\u00f8steren Louise er blitt giftet bort til Caspers, familiens husl\u00e6rer, enda hun elsker en annen. Det ufrivillige ekteskapet gj\u00f8r et voldsomt inntrykk p\u00e5 Sofie, og hun begraver dukken sin som et tegn p\u00e5 at den uskyldige barndommen hennes er forbi for alltid. Hun skriver videre i dagboka om valget mellom to onder; det \u00e5 m\u00e5tte gifte seg med en man ikke elsker eller \u00e5 forbli enslig. <\/em><em><\/em><\/p>\n<ul><\/ul>\n<ul><\/ul>&#8221; content_phone=&#8221;<p><em>I romanen Amtmandens d\u00f8ttre <\/em><em>f\u00f8lger livet til de fire d\u00f8trene til en amtmann, som er en regional embedsmann. Handlingen utspiller seg i en liten norsk bygd og skildrer de sosiale forventningene og presset p\u00e5 kvinner i det norske samfunnet p\u00e5 midten av 1800-tallet. <\/em><em>Hovedpersonen er Sofie som opplever at to eldre s\u00f8stre blir giftet bort mot sin vilje. De er sv\u00e6rt ulykkelige, og Sofie lover seg selv at det samme ikke skal skje med henne. <\/em><em>Sofie er i starten av romanen en forsiktig og f\u00f8lsom jente. Som ungdom forelskelser hun seg i en ung mann som heter Kold. Han er veldig kjekk og er l\u00e6reren til Sofie. P\u00e5 denne tida var det nemlig vanlig at overklassen hadde egne l\u00e6rere som underviste dem hjemme. De to innleder et hemmelig kj\u00e6rlighetsforhold, men s\u00e5 tyvlytter Sofie til en samtale Kold har med en annen mann. I samtalen forteller Kold at han ikke elsker Sofie. Dette gj\u00f8r han for \u00e5 slippe ryktespredning, men Sofie misforst\u00e5r. Hun blir veldig lei seg og vil ikke ha noe mer med Kold \u00e5 gj\u00f8re. Hun inng\u00e5r til slutt et fornuftsekteskap med enkemannen Rein som er en god del eldre enn henne. <\/em><em>Utdraget vi skal lese, er hentet fra Sofies dagboknotater. Her forteller hun om hvordan s\u00f8steren Louise er blitt giftet bort til Caspers, familiens husl\u00e6rer, enda hun elsker en annen. Det ufrivillige ekteskapet gj\u00f8r et voldsomt inntrykk p\u00e5 Sofie, og hun begraver dukken sin som et tegn p\u00e5 at den uskyldige barndommen hennes er forbi for alltid. Hun skriver videre i dagboka om valget mellom to onder; det \u00e5 m\u00e5tte gifte seg med en man ikke elsker eller \u00e5 forbli enslig. <\/em><em><\/em><\/p>\n<ul><\/ul>&#8221; content_last_edited=&#8221;on|phone&#8221; _builder_version=&#8221;4.27.4&#8243; _module_preset=&#8221;default&#8221; text_font_size=&#8221;17px&#8221; text_line_height=&#8221;1.8em&#8221; text_line_height_tablet=&#8221;1.8em&#8221; text_line_height_phone=&#8221;1.5em&#8221; text_line_height_last_edited=&#8221;on|desktop&#8221; locked=&#8221;off&#8221; global_colors_info=&#8221;{}&#8221;]<p><em>I romanen Amtmandens d\u00f8ttre <\/em><em>f\u00f8lger livet til de fire d\u00f8trene til en amtmann, som er en regional embedsmann. Handlingen utspiller seg i en liten norsk bygd og skildrer de sosiale forventningene og presset p\u00e5 kvinner i det norske samfunnet p\u00e5 midten av 1800-tallet. <\/em><em>Hovedpersonen er Sofie som opplever at to eldre s\u00f8stre blir giftet bort mot sin vilje. De er sv\u00e6rt ulykkelige, og Sofie lover seg selv at det samme ikke skal skje med henne. <\/em><em>Sofie er i starten av romanen en forsiktig og f\u00f8lsom jente. Som ungdom forelskelser hun seg i en ung mann som heter Kold. Han er veldig kjekk og er l\u00e6reren til Sofie. P\u00e5 denne tida var det nemlig vanlig at overklassen hadde egne l\u00e6rere som underviste dem hjemme. De to innleder et hemmelig kj\u00e6rlighetsforhold, men s\u00e5 tyvlytter Sofie til en samtale Kold har med en annen mann. I samtalen forteller Kold at han ikke elsker Sofie. Dette gj\u00f8r han for \u00e5 slippe ryktespredning, men Sofie misforst\u00e5r. Hun blir veldig lei seg og vil ikke ha noe mer med Kold \u00e5 gj\u00f8re. Hun inng\u00e5r til slutt et fornuftsekteskap med enkemannen Rein som er en god del eldre enn henne. <\/em><em>Utdraget vi skal lese, er hentet fra Sofies dagboknotater. Her forteller hun om hvordan s\u00f8steren Louise er blitt giftet bort til Caspers, familiens husl\u00e6rer, enda hun elsker en annen. Det ufrivillige ekteskapet gj\u00f8r et voldsomt inntrykk p\u00e5 Sofie, og hun begraver dukken sin som et tegn p\u00e5 at den uskyldige barndommen hennes er forbi for alltid. Hun skriver videre i dagboka om valget mellom to onder; det \u00e5 m\u00e5tte gifte seg med en man ikke elsker eller \u00e5 forbli enslig. <\/em><em><\/em><\/p>[\/et_pb_text][et_pb_text content_tablet=&#8221;<h4><em>Forslag til presentasjon av Ungen:<\/em><\/h4>&#8221; content_phone=&#8221;<h4><em>Forslag til presentasjon <\/em><\/h4>\n<h4><em>av Ungen:<\/em><\/h4>&#8221; content_last_edited=&#8221;on|desktop&#8221; _builder_version=&#8221;4.27.4&#8243; _module_preset=&#8221;default&#8221; custom_margin=&#8221;50px||5px||false|false&#8221; custom_margin_tablet=&#8221;50px||||false|false&#8221; custom_margin_phone=&#8221;50px||||false|false&#8221; custom_margin_last_edited=&#8221;on|phone&#8221; global_colors_info=&#8221;{}&#8221;]<h4><em>Forslag til presentasjon av Ungen:<\/em><\/h4>[\/et_pb_text][et_pb_text content_tablet=&#8221;<p><em>I skuespillet Ungen- folkeliv i fire akter (1911) skildres milj\u00f8et blant arbeiderne p\u00e5 fabrikkene ved Akerselva p\u00e5 begynnelsen av 1900-tallet. <\/em><em>Den unge fabrikkarbeideren Milja havner \u00abi ul\u00f8kka\u00bb. Det betyr at hun blir gravid uten \u00e5 v\u00e6re gift. Mannen hun er blitt gravid med heter Julius. Han er veldig popul\u00e6r blant damene og er en rundbrenner. Han svikter Milja og blir sammen med den vakre, men ikke s\u00e5 hyggelige, Petrina. <\/em><em>H\u00f8nse-Lovisa er en eldre dame som tar seg av enslige m\u00f8dre som jobber p\u00e5 fabrikken. Hun gir jentene som har f\u00e5tt barn utenfor ekteskapet husrom og omsorg slik at de kan beholde ungene sine. Hun passer ogs\u00e5 ungene mens m\u00f8drene er p\u00e5 jobb i fabrikken. Milja f\u00e5r tilbud om \u00e5 adoptere bort ungen sin, men H\u00f8nse-Lovisa f\u00e5r ordnet det slik til at Milja til slutt velger \u00e5 beholde barnet. Utdraget vi skal lese er en scene fra leiligheten til H\u00f8nse-Lovisa, kalt h\u00f8nsereiret, der m\u00f8drene nettopp har kommet hjem fra arbeid. Julius er ogs\u00e5 der. Han er full og Milja vil ha han bort fra ungen. S\u00e5 kommer doktoren p\u00e5 bes\u00f8k. Han er ute etter \u00e5 finne m\u00f8dre som er villige til \u00e5 adoptere bort ungen sin til rike folk.. H\u00f8nse -Lovisa fors\u00f8ker \u00e5 beskytte alle sammen fra doktoren.<\/em><\/p>\n<p> <\/p>\n<ul><\/ul>\n<ul><\/ul>&#8221; content_phone=&#8221;<p><em>I skuespillet Ungen- folkeliv i fire akter (1911) skildres milj\u00f8et blant arbeiderne p\u00e5 fabrikkene ved Akerselva p\u00e5 begynnelsen av 1900-tallet. <\/em><em>Den unge fabrikkarbeideren Milja havner \u00abi ul\u00f8kka\u00bb. Det betyr at hun blir gravid uten \u00e5 v\u00e6re gift. Mannen hun er blitt gravid med heter Julius. Han er veldig popul\u00e6r blant damene og er en rundbrenner. Han svikter Milja og blir sammen med den vakre, men ikke s\u00e5 hyggelige, Petrina. <\/em><em>H\u00f8nse-Lovisa er en eldre dame som tar seg av enslige m\u00f8dre som jobber p\u00e5 fabrikken. Hun gir jentene som har f\u00e5tt barn utenfor ekteskapet husrom og omsorg slik at de kan beholde ungene sine. Hun passer ogs\u00e5 ungene mens m\u00f8drene er p\u00e5 jobb i fabrikken. Milja f\u00e5r tilbud om \u00e5 adoptere bort ungen sin, men H\u00f8nse-Lovisa f\u00e5r ordnet det slik til at Milja til slutt velger \u00e5 beholde barnet. Utdraget vi skal lese er en scene fra leiligheten til H\u00f8nse-Lovisa, kalt h\u00f8nsereiret, der m\u00f8drene nettopp har kommet hjem fra arbeid. Julius er ogs\u00e5 der. Han er full og Milja vil ha han bort fra ungen. S\u00e5 kommer doktoren p\u00e5 bes\u00f8k. Han er ute etter \u00e5 finne m\u00f8dre som er villige til \u00e5 adoptere bort ungen sin til rike folk.. H\u00f8nse -Lovisa fors\u00f8ker \u00e5 beskytte alle sammen fra doktoren.<\/em><\/p>\n<p> <\/p>\n<ul><\/ul>&#8221; content_last_edited=&#8221;on|phone&#8221; _builder_version=&#8221;4.27.4&#8243; _module_preset=&#8221;default&#8221; text_font_size=&#8221;17px&#8221; text_line_height=&#8221;1.8em&#8221; text_line_height_tablet=&#8221;1.8em&#8221; text_line_height_phone=&#8221;1.5em&#8221; text_line_height_last_edited=&#8221;on|desktop&#8221; locked=&#8221;off&#8221; global_colors_info=&#8221;{}&#8221;]<p><em>I skuespillet Ungen- folkeliv i fire akter (1911) skildres milj\u00f8et blant arbeiderne p\u00e5 fabrikkene ved Akerselva p\u00e5 begynnelsen av 1900-tallet. <\/em><em>Den unge fabrikkarbeideren Milja havner \u00abi ul\u00f8kka\u00bb. Det betyr at hun blir gravid uten \u00e5 v\u00e6re gift. Mannen hun er blitt gravid med heter Julius. Han er veldig popul\u00e6r blant damene og er en rundbrenner. Han svikter Milja og blir sammen med den vakre, men ikke s\u00e5 hyggelige, Petrina.\u00a0<\/em><em>H\u00f8nse-Lovisa\u00a0er en eldre dame som tar seg av enslige m\u00f8dre som jobber p\u00e5 fabrikken. Hun gir jentene som har f\u00e5tt barn utenfor ekteskapet husrom og omsorg slik at de kan beholde ungene sine. Hun passer ogs\u00e5 ungene mens m\u00f8drene er p\u00e5 jobb i fabrikken. Milja f\u00e5r tilbud om \u00e5 adoptere bort ungen sin, men H\u00f8nse-Lovisa f\u00e5r ordnet det slik til at Milja til slutt velger \u00e5 beholde barnet. Utdraget vi skal lese er en scene fra leiligheten til H\u00f8nse-Lovisa, kalt h\u00f8nsereiret, der m\u00f8drene nettopp har kommet hjem fra arbeid. Julius er ogs\u00e5 der. Han er full og Milja vil ha han bort fra ungen. S\u00e5 kommer doktoren p\u00e5 bes\u00f8k. Han er ute etter \u00e5 finne m\u00f8dre som er villige til \u00e5 adoptere bort ungen sin til rike folk.. H\u00f8nse -Lovisa fors\u00f8ker \u00e5 beskytte alle sammen fra doktoren.<\/em><\/p>\n<p><em><\/em><\/p>[\/et_pb_text][\/et_pb_column][\/et_pb_row][et_pb_row _builder_version=&#8221;4.21.0&#8243; _module_preset=&#8221;default&#8221; max_width=&#8221;850px&#8221; module_alignment=&#8221;center&#8221; custom_css_main_element=&#8221;display:flex;||justify-content: center;&#8221; global_colors_info=&#8221;{}&#8221;][et_pb_column type=&#8221;4_4&#8243; _builder_version=&#8221;4.21.0&#8243; _module_preset=&#8221;default&#8221; global_colors_info=&#8221;{}&#8221;][et_pb_code _builder_version=&#8221;4.21.0&#8243; _module_preset=&#8221;default&#8221; text_orientation=&#8221;center&#8221; text_orientation_tablet=&#8221;center&#8221; text_orientation_phone=&#8221;center&#8221; text_orientation_last_edited=&#8221;on|desktop&#8221; global_colors_info=&#8221;{}&#8221;]<button id=\"backButton\" style=\"<!-- [et_pb_line_break_holder] -->background: #8dcfb7; <!-- [et_pb_line_break_holder] -->border-radius: 10px; <!-- [et_pb_line_break_holder] -->width: 100px; <!-- [et_pb_line_break_holder] -->height: 40px; <!-- [et_pb_line_break_holder] -->border: none; <!-- [et_pb_line_break_holder] -->font-size: 18px;<!-- [et_pb_line_break_holder] -->color: #000000; <!-- [et_pb_line_break_holder] -->transform: uppercase;&#8221; <!-- [et_pb_line_break_holder] -->onmouseover=&#8221;this.style.backgroundColor=&#8217;#5a5e5e&#8217;; this.style.color=&#8217;#ffffff&#8217;;&#8221;<!-- [et_pb_line_break_holder] -->onmouseout=&#8221;this.style.backgroundColor=&#8217;#8dcfb7&#8242;; this.style.color=&#8217;#000000&#8242;;&#8221; <!-- [et_pb_line_break_holder] -->onclick=&#8221;myFunction()&#8221;>Tilbake<\/button><!-- [et_pb_line_break_holder] --><!-- [et_pb_line_break_holder] --><script><!-- [et_pb_line_break_holder] -->document.addEventListener('DOMContentLoaded', function() {<!-- [et_pb_line_break_holder] -->  var backButton = document.getElementById('backButton'); <!-- [et_pb_line_break_holder] -->  <!-- [et_pb_line_break_holder] -->  if (backButton) {<!-- [et_pb_line_break_holder] -->    backButton.addEventListener('click', function() {<!-- [et_pb_line_break_holder] -->      window.history.back();<!-- [et_pb_line_break_holder] -->    });<!-- [et_pb_line_break_holder] -->  }<!-- [et_pb_line_break_holder] -->});<!-- [et_pb_line_break_holder] --><\/script><!-- [et_pb_line_break_holder] -->[\/et_pb_code][\/et_pb_column][\/et_pb_row][\/et_pb_section]\n","protected":false},"excerpt":{"rendered":"<p>Elevtekster\/iscenesettelserL\u00e6rer forbereder en kort innledning til tekstlesningen. Innledningen starter med noen biografiske opplysninger som har relevans for det utdraget som skal leses. I presentasjonen av Camilla Collett kan kj\u00e6rlighetslivet hennes fortelles om. I presentasjonen av Oskar Braathen kan tilknytningen hans til arbeiderklassen p\u00e5 Sagene fortelles om. Vider blir handlingsgangen i verket som helhet gjenfortalt kort. [&hellip;]<\/p>\n","protected":false},"author":10,"featured_media":0,"parent":0,"menu_order":0,"comment_status":"closed","ping_status":"closed","template":"","meta":{"_et_pb_use_builder":"on","_et_pb_old_content":"","_et_gb_content_width":"","footnotes":""},"trinn":[],"fag":[],"class_list":["post-4926","page","type-page","status-publish","hentry"],"_links":{"self":[{"href":"https:\/\/leselop.usn.no\/index.php?rest_route=\/wp\/v2\/pages\/4926","targetHints":{"allow":["GET"]}}],"collection":[{"href":"https:\/\/leselop.usn.no\/index.php?rest_route=\/wp\/v2\/pages"}],"about":[{"href":"https:\/\/leselop.usn.no\/index.php?rest_route=\/wp\/v2\/types\/page"}],"author":[{"embeddable":true,"href":"https:\/\/leselop.usn.no\/index.php?rest_route=\/wp\/v2\/users\/10"}],"replies":[{"embeddable":true,"href":"https:\/\/leselop.usn.no\/index.php?rest_route=%2Fwp%2Fv2%2Fcomments&post=4926"}],"version-history":[{"count":7,"href":"https:\/\/leselop.usn.no\/index.php?rest_route=\/wp\/v2\/pages\/4926\/revisions"}],"predecessor-version":[{"id":10210,"href":"https:\/\/leselop.usn.no\/index.php?rest_route=\/wp\/v2\/pages\/4926\/revisions\/10210"}],"wp:attachment":[{"href":"https:\/\/leselop.usn.no\/index.php?rest_route=%2Fwp%2Fv2%2Fmedia&parent=4926"}],"wp:term":[{"taxonomy":"trinn","embeddable":true,"href":"https:\/\/leselop.usn.no\/index.php?rest_route=%2Fwp%2Fv2%2Ftrinn&post=4926"},{"taxonomy":"fag","embeddable":true,"href":"https:\/\/leselop.usn.no\/index.php?rest_route=%2Fwp%2Fv2%2Ffag&post=4926"}],"curies":[{"name":"wp","href":"https:\/\/api.w.org\/{rel}","templated":true}]}}