{"id":4292,"date":"2024-10-24T13:22:23","date_gmt":"2024-10-24T11:22:23","guid":{"rendered":"https:\/\/leselop.usn.no\/?page_id=4292"},"modified":"2025-08-07T12:29:40","modified_gmt":"2025-08-07T10:29:40","slug":"leselop-6-aktivitet-2-transkripsjon-av-elevsamtale","status":"publish","type":"page","link":"https:\/\/leselop.usn.no\/?page_id=4292","title":{"rendered":"6. Tekstoppgaver i matematikk &#8211; Aktivitet 2 &#8211; Transkripsjon av elevsamtale"},"content":{"rendered":"\n[et_pb_section fb_built=&#8221;1&#8243; _builder_version=&#8221;4.21.0&#8243; _module_preset=&#8221;default&#8221; background_color=&#8221;#f4f4f4&#8243; custom_css_main_element=&#8221;min-height: 100vh;&#8221; da_disable_devices=&#8221;off|off|off&#8221; global_colors_info=&#8221;{}&#8221; da_is_popup=&#8221;off&#8221; da_exit_intent=&#8221;off&#8221; da_has_close=&#8221;on&#8221; da_alt_close=&#8221;off&#8221; da_dark_close=&#8221;off&#8221; da_not_modal=&#8221;on&#8221; da_is_singular=&#8221;off&#8221; da_with_loader=&#8221;off&#8221; da_has_shadow=&#8221;on&#8221;][et_pb_row column_structure=&#8221;1_4,3_4&#8243; use_custom_gutter=&#8221;on&#8221; gutter_width=&#8221;1&#8243; make_equal=&#8221;on&#8221; _builder_version=&#8221;4.27.2&#8243; _module_preset=&#8221;default&#8221; max_width=&#8221;850px&#8221; custom_css_main_element=&#8221;width:75% !important;&#8221; global_colors_info=&#8221;{}&#8221;][et_pb_column type=&#8221;1_4&#8243; _builder_version=&#8221;4.21.0&#8243; _module_preset=&#8221;default&#8221; custom_css_main_element=&#8221;width:12% !important;&#8221; global_colors_info=&#8221;{}&#8221; custom_css_main_element_last_edited=&#8221;on|phone&#8221; custom_css_main_element_tablet=&#8221;width:18% !important;&#8221; custom_css_main_element_phone=&#8221;width:30% !important;&#8221;][et_pb_image src=&#8221;https:\/\/leselop.usn.no\/wp-content\/uploads\/2025\/06\/Leselop-clapboard-green.png&#8221; title_text=&#8221;Leselop-clapboard-green&#8221; src_tablet=&#8221;https:\/\/leselop.usn.no\/wp-content\/uploads\/2025\/06\/Leselop-clapboard-green.png&#8221; src_phone=&#8221;https:\/\/leselop.usn.no\/wp-content\/uploads\/2025\/06\/Leselop-clapboard-green.png&#8221; src_last_edited=&#8221;on|phone&#8221; _builder_version=&#8221;4.27.4&#8243; _module_preset=&#8221;default&#8221; hover_enabled=&#8221;0&#8243; global_colors_info=&#8221;{}&#8221; sticky_enabled=&#8221;0&#8243;][\/et_pb_image][\/et_pb_column][et_pb_column type=&#8221;3_4&#8243; _builder_version=&#8221;4.27.2&#8243; _module_preset=&#8221;default&#8221; custom_css_main_element=&#8221;width:88% !important;||margin: auto;||padding-left: 30px;&#8221; global_colors_info=&#8221;{}&#8221; custom_css_main_element_last_edited=&#8221;on|phone&#8221; custom_css_main_element_tablet=&#8221;width:82% !important;||padding-left: 25px;||padding-top:30px&#8221; custom_css_main_element_phone=&#8221;width:70% !important;||padding-left: 15px;||padding-top:15px&#8221;][et_pb_text content_tablet=&#8221;<h1><span>Transkripsjon av elevsamtale<\/span><\/h1>&#8221; content_phone=&#8221;<h3><span>Transkripsjon <\/span><\/h3>\n<h3><span>av elevsamtale<\/span><\/h3>&#8221; content_last_edited=&#8221;on|phone&#8221; _builder_version=&#8221;4.27.4&#8243; _module_preset=&#8221;default&#8221; hover_enabled=&#8221;0&#8243; global_colors_info=&#8221;{}&#8221; custom_css_main_element_last_edited=&#8221;on|tablet&#8221; sticky_enabled=&#8221;0&#8243;]<h1><span>Transkripsjon av elevsamtale<\/span><\/h1>[\/et_pb_text][\/et_pb_column][\/et_pb_row][et_pb_row custom_padding_last_edited=&#8221;on|desktop&#8221; _builder_version=&#8221;4.27.2&#8243; _module_preset=&#8221;default&#8221; background_color=&#8221;#FFFFFF&#8221; max_width=&#8221;850px&#8221; max_width_tablet=&#8221;850px&#8221; max_width_phone=&#8221;850px&#8221; max_width_last_edited=&#8221;on|desktop&#8221; custom_padding=&#8221;50px|35px|60px|35px|false|false&#8221; custom_padding_tablet=&#8221;30px|20px|50px|20px|false|false&#8221; custom_padding_phone=&#8221;25px|25px|30px|25px|false|false&#8221; background_color_tablet=&#8221;#FFFFFF&#8221; background_last_edited=&#8221;on|desktop&#8221; background_enable_color_tablet=&#8221;on&#8221; border_radii=&#8221;on|30px|30px|30px|30px&#8221; border_style_all=&#8221;dotted&#8221; global_colors_info=&#8221;{}&#8221;][et_pb_column type=&#8221;4_4&#8243; _builder_version=&#8221;4.21.0&#8243; _module_preset=&#8221;default&#8221; global_colors_info=&#8221;{}&#8221;][et_pb_code disabled_on=&#8221;on|off|off&#8221; _builder_version=&#8221;4.27.2&#8243; _module_preset=&#8221;default&#8221; background_color=&#8221;#FFFFFF&#8221; global_colors_info=&#8221;{}&#8221;]<div style=\"overflow-x: auto;\"><!-- [et_pb_line_break_holder] -->  <style><!-- [et_pb_line_break_holder] -->    \/* Standard tekstst\u00f8rrelse *\/<!-- [et_pb_line_break_holder] -->    table {<!-- [et_pb_line_break_holder] -->      width: 100%;<!-- [et_pb_line_break_holder] -->      border-collapse: collapse;<!-- [et_pb_line_break_holder] -->    }<!-- [et_pb_line_break_holder] --><!-- [et_pb_line_break_holder] -->    th, td {<!-- [et_pb_line_break_holder] -->      border: 1px solid black;<!-- [et_pb_line_break_holder] -->      padding: 10px;<!-- [et_pb_line_break_holder] -->      padding-top:<!-- [et_pb_line_break_holder] -->      font-size: 13pt; <!-- [et_pb_line_break_holder] -->    }<!-- [et_pb_line_break_holder] --><!-- [et_pb_line_break_holder] -->    \/* For mobile enheter (maks bredde: 767px) *\/<!-- [et_pb_line_break_holder] -->    @media only screen and (max-width: 767px) {<!-- [et_pb_line_break_holder] -->      th, td {<!-- [et_pb_line_break_holder] -->        font-size: 12pt; \/* Mindre tekstst\u00f8rrelse p\u00e5 mobil *\/<!-- [et_pb_line_break_holder] -->      }<!-- [et_pb_line_break_holder] -->    }<!-- [et_pb_line_break_holder] -->  <\/style><!-- [et_pb_line_break_holder] --><!-- [et_pb_line_break_holder] -->  <table><!-- [et_pb_line_break_holder] -->    <thead><!-- [et_pb_line_break_holder] -->      <tr><!-- [et_pb_line_break_holder] -->        <th>Tur<\/th><!-- [et_pb_line_break_holder] -->        <th>Navn<\/th><!-- [et_pb_line_break_holder] -->        <th>Innhold<\/th><!-- [et_pb_line_break_holder] -->        <th>Kommentar<\/th><!-- [et_pb_line_break_holder] -->      <\/tr><!-- [et_pb_line_break_holder] -->    <\/thead><!-- [et_pb_line_break_holder] -->    <tbody><!-- [et_pb_line_break_holder] -->      <tr><!-- [et_pb_line_break_holder] -->        <td style=\"text-align: center; width: 50px;\">1<\/td><!-- [et_pb_line_break_holder] -->        <td style=\"background-color: #E1EFD9;\">L<\/td><!-- [et_pb_line_break_holder] -->        <td style=\"line-height: 1.3; padding-top: 10px; padding-bottom:15px;\">P\u00e5 den f\u00f8rste oppgaven skal dere f\u00e5 en lapp, her skal dere ikke bla videre. Dere kan snu lappen rundt, slik at dere har forsiden opp mot dere. Og s\u00e5 vil jeg at dere skal pr\u00f8ve \u00e5 tenke: Hva handler denne oppgaven om?<\/td><!-- [et_pb_line_break_holder] --><td style=\"line-height: 1.5;\"><\/td><!-- [et_pb_line_break_holder] --><\/tr><!-- [et_pb_line_break_holder] --><tr><!-- [et_pb_line_break_holder] --><td style=\"text-align: center; width: 50px;\">2<\/td><!-- [et_pb_line_break_holder] --><td style=\"background-color: #C1DBFF;\">Chris<\/td><!-- [et_pb_line_break_holder] --><td style=\"line-height: 1.5;\">Oi, det st\u00e5r p\u00e5 kinesisk.<\/td><!-- [et_pb_line_break_holder] --><td style=\"line-height: 1.5;\"><\/td><!-- [et_pb_line_break_holder] --><\/tr><!-- [et_pb_line_break_holder] -->      <!-- [et_pb_line_break_holder] --><tr><!-- [et_pb_line_break_holder] --><td style=\"text-align: center; width: 50px;\">3<\/td><!-- [et_pb_line_break_holder] --><td style=\"background-color: #FFCC88;\">Ada<\/td><!-- [et_pb_line_break_holder] --><td style=\"line-height: 1.5;\">Oi, det er p\u00e5 koreansk ((peker p\u00e5 verbalteksten)).<\/td><!-- [et_pb_line_break_holder] --><td style=\"line-height: 1.5;\"><\/td><!-- [et_pb_line_break_holder] --><\/tr><!-- [et_pb_line_break_holder] -->      <!-- [et_pb_line_break_holder] --><tr><!-- [et_pb_line_break_holder] --><td style=\"text-align: center; width: 50px;\">4<\/td><!-- [et_pb_line_break_holder] --><td style=\"background-color: #C1DBFF;\">Chris<\/td><!-- [et_pb_line_break_holder] --><td style=\"line-height: 1.5;\">Nei, det er kinesisk.<\/td><!-- [et_pb_line_break_holder] --><td style=\"line-height: 1.5;\"><\/td><!-- [et_pb_line_break_holder] --><\/tr><!-- [et_pb_line_break_holder] -->      <!-- [et_pb_line_break_holder] --><tr><!-- [et_pb_line_break_holder] --><td style=\"text-align: center; width: 50px;\">5<\/td><!-- [et_pb_line_break_holder] --><td style=\"background-color: #FFEFBF;\">Fredrik<\/td><!-- [et_pb_line_break_holder] --><td style=\"line-height: 1.5;\">Det er kinesisk.<\/td><!-- [et_pb_line_break_holder] --><td style=\"line-height: 1.5;\"><\/td><!-- [et_pb_line_break_holder] --><\/tr><!-- [et_pb_line_break_holder] -->      <!-- [et_pb_line_break_holder] --><tr><!-- [et_pb_line_break_holder] --><td style=\"text-align: center; width: 50px;\">6<\/td><!-- [et_pb_line_break_holder] --><td style=\"background-color: #E1EFD9;\">L<\/td><!-- [et_pb_line_break_holder] --><td style=\"line-height: 1.5;\">Det er kinesisk det st\u00e5r p\u00e5, ja, men det er veldig liknende koreansk.<\/td><!-- [et_pb_line_break_holder] --><td style=\"line-height: 1.5;\"><\/td><!-- [et_pb_line_break_holder] --><\/tr><!-- [et_pb_line_break_holder] -->      <!-- [et_pb_line_break_holder] --><tr><!-- [et_pb_line_break_holder] --><td style=\"text-align: center; width: 50px;\">7<\/td><!-- [et_pb_line_break_holder] --><td style=\"background-color: #FFD4DC;\">Daniel<\/td><!-- [et_pb_line_break_holder] --><td style=\"line-height: 1.5;\">Det handler om et egg \u2013 st\u00f8rrelse p\u00e5 egg.<\/td><!-- [et_pb_line_break_holder] --><td style=\"line-height: 1.5;\"><\/td><!-- [et_pb_line_break_holder] --><\/tr><!-- [et_pb_line_break_holder] -->      <!-- [et_pb_line_break_holder] --><tr><!-- [et_pb_line_break_holder] --><td style=\"text-align: center; width: 50px;\">8<\/td><!-- [et_pb_line_break_holder] --><td style=\"background-color: #DFE0FF;\">Even<\/td><!-- [et_pb_line_break_holder] --><td style=\"line-height: 1.5;\">Er det en ball eller et egg?<\/td><!-- [et_pb_line_break_holder] --><td style=\"line-height: 1.5;\"><\/td><!-- [et_pb_line_break_holder] --><\/tr><!-- [et_pb_line_break_holder] --><!-- [et_pb_line_break_holder] --><tr><!-- [et_pb_line_break_holder] --><td style=\"text-align: center; width: 50px;\">9<\/td><!-- [et_pb_line_break_holder] --><td style=\"background-color: #FFCC88;\">Ada<\/td><!-- [et_pb_line_break_holder] --> <td style=\"line-height: 1.5;\">Det er et egg.<\/td><!-- [et_pb_line_break_holder] --> <td style=\"line-height: 1.5;\"><\/td><!-- [et_pb_line_break_holder] --> <\/tr><!-- [et_pb_line_break_holder] -->      <!-- [et_pb_line_break_holder] --><tr><!-- [et_pb_line_break_holder] --><td style=\"text-align: center; width: 50px;\">10<\/td><!-- [et_pb_line_break_holder] --><td style=\"background-color: #FFD4DC;\">Daniel<\/td><!-- [et_pb_line_break_holder] --><td style=\"line-height: 1.5;\">Hvor h\u00f8yt et egg er, eller hvor stort det er, eller no. For det st\u00e5r \u00ab0.5\u00bb.<\/td><!-- [et_pb_line_break_holder] --><td style=\"line-height: 1.5;\"><\/td><!-- [et_pb_line_break_holder] --><\/tr>   <!-- [et_pb_line_break_holder] -->      <!-- [et_pb_line_break_holder] --><tr><!-- [et_pb_line_break_holder] --><td style=\"text-align: center; width: 50px;\">11<\/td><!-- [et_pb_line_break_holder] --><td style=\"background-color: #E1EFD9;\">L<\/td><!-- [et_pb_line_break_holder] --><td style=\"line-height: 1.3; padding-top: 10px; padding-bottom:15px;\">Hvis dere snur dere til dem dere sitter p\u00e5 samme side av bordet med. Snakk f\u00f8rst om hva dere tror oppgaven kan handle om. S\u00e5 skal vi snakke sammen alle sammen etterp\u00e5.<\/td><!-- [et_pb_line_break_holder] -->  <td style=\"line-height: 1.5;\"><\/td><\/tr><!-- [et_pb_line_break_holder] -->        <!-- [et_pb_line_break_holder] --><tr><!-- [et_pb_line_break_holder] --><td style=\"text-align: center; width: 50px;\">12<\/td><!-- [et_pb_line_break_holder] --><td style=\"background-color: #DFE0FF;\">Even<\/td><!-- [et_pb_line_break_holder] --><td style=\"line-height: 1.5;\">Jeg tror oppgaven handler om st\u00f8rrelse, liksom vekt. <\/td><!-- [et_pb_line_break_holder] --><td style=\"line-height: 1.5;\"><\/td><!-- [et_pb_line_break_holder] --><\/tr><!-- [et_pb_line_break_holder] -->      <!-- [et_pb_line_break_holder] --><tr><!-- [et_pb_line_break_holder] --><td style=\"text-align: center; width: 50px;\">13<\/td><!-- [et_pb_line_break_holder] --><td style=\"background-color: #FFD4DC;\">Daniel<\/td><!-- [et_pb_line_break_holder] --><td style=\"line-height: 1.5;\">Mmm (enig).<\/td><!-- [et_pb_line_break_holder] --><td style=\"line-height: 1.5;\"><\/td><!-- [et_pb_line_break_holder] --><\/tr><!-- [et_pb_line_break_holder] -->      <!-- [et_pb_line_break_holder] --><tr><!-- [et_pb_line_break_holder] --><td style=\"text-align: center; width: 50px;\">14<\/td><!-- [et_pb_line_break_holder] --><td style=\"background-color: #C1DBFF;\">Chris<\/td><!-- [et_pb_line_break_holder] --><td style=\"line-height: 1.5;\">Det hadde v\u00e6rt kult \u00e5 kunne kinesisk n\u00e5.<\/td><!-- [et_pb_line_break_holder] --><td style=\"line-height: 1.5;\"><\/td><!-- [et_pb_line_break_holder] --><\/tr><!-- [et_pb_line_break_holder] -->      <!-- [et_pb_line_break_holder] --><tr><!-- [et_pb_line_break_holder] --><td style=\"text-align: center; width: 50px;\">15<\/td><!-- [et_pb_line_break_holder] --><td style=\"background-color: #DFE0FF;\">Even<\/td><!-- [et_pb_line_break_holder] --><td style=\"line-height: 1.5;\">Tenk hvis en av oss kunne kinesisk.<\/td><!-- [et_pb_line_break_holder] --><td style=\"line-height: 1.5;\"><\/td><!-- [et_pb_line_break_holder] --><\/tr><!-- [et_pb_line_break_holder] -->      <!-- [et_pb_line_break_holder] --><tr><!-- [et_pb_line_break_holder] --><td style=\"text-align: center; width: 50px;\">16<\/td><!-- [et_pb_line_break_holder] --><td style=\"background-color: #C1DBFF;\">Chris<\/td><!-- [et_pb_line_break_holder] --><td style=\"line-height: 1.5;\">Da hadde denne oppgaven v\u00e6rt lett. .<\/td><!-- [et_pb_line_break_holder] --><td style=\"line-height: 1.5;\"><\/td><!-- [et_pb_line_break_holder] --><\/tr><!-- [et_pb_line_break_holder] -->      <!-- [et_pb_line_break_holder] --><tr><!-- [et_pb_line_break_holder] --><td style=\"text-align: center; width: 50px;\">17<\/td><!-- [et_pb_line_break_holder] --><td style=\"background-color: #FFCC88;\">Ada<\/td><!-- [et_pb_line_break_holder] --><td style=\"line-height: 1.5;padding-top: 10px; padding-bottom:15px;\">Jeg tror oppgaven kan handle om hvor stor forskjell det er p\u00e5 den og den. ((Peker p\u00e5 de to eggene.))<\/td><!-- [et_pb_line_break_holder] --><td style=\"line-height: 1.5;\"><\/td><!-- [et_pb_line_break_holder] --><\/tr><!-- [et_pb_line_break_holder] -->      <!-- [et_pb_line_break_holder] -->      <tr><!-- [et_pb_line_break_holder] -->        <td style=\"text-align: center; width: 50px;\">19<\/td><!-- [et_pb_line_break_holder] -->        <td style=\"background-color: #C5E0B0;\">Betina<\/td><!-- [et_pb_line_break_holder] -->        <td style=\"line-height: 1.5;\">Hva tror du da, Fredrik?<\/td><!-- [et_pb_line_break_holder] -->        <td style=\"line-height: 1.5;\"><\/td><!-- [et_pb_line_break_holder] -->      <\/tr><!-- [et_pb_line_break_holder] -->      <!-- [et_pb_line_break_holder] -->     <tr><!-- [et_pb_line_break_holder] -->        <td style=\"text-align: center; width: 50px;\">20<\/td><!-- [et_pb_line_break_holder] -->        <td style=\"background-color: #FFEFBF;\">Fredrik<\/td><!-- [et_pb_line_break_holder] -->        <td style=\"line-height: 1.5;\">( )<\/td><!-- [et_pb_line_break_holder] -->        <td style=\"line-height: 1.5;\"><\/td><!-- [et_pb_line_break_holder] -->      <\/tr><!-- [et_pb_line_break_holder] -->      <!-- [et_pb_line_break_holder] -->     <tr><!-- [et_pb_line_break_holder] -->        <td style=\"text-align: center; width: 50px;\">21<\/td><!-- [et_pb_line_break_holder] -->        <td style=\"background-color: #FFEFBF;\">Fredrik<\/td><!-- [et_pb_line_break_holder] -->        <td style=\"line-height: 1.5;\">Jammen, du m\u00e5 regne med det ogs\u00e5, da.<\/td><!-- [et_pb_line_break_holder] -->        <td style=\"line-height: 1.5;\"><\/td><!-- [et_pb_line_break_holder] -->      <\/tr><!-- [et_pb_line_break_holder] -->      <!-- [et_pb_line_break_holder] -->      <tr><!-- [et_pb_line_break_holder] -->        <td style=\"text-align: center; width: 50px;\">22<\/td><!-- [et_pb_line_break_holder] -->        <td style=\"background-color: #C5E0B0;\">Betina<\/td><!-- [et_pb_line_break_holder] -->        <td style=\"line-height: 1.5;\">Men det er ingen som kan skriften.<\/td><!-- [et_pb_line_break_holder] -->        <td style=\"line-height: 1.5;\"><\/td><!-- [et_pb_line_break_holder] -->      <\/tr><!-- [et_pb_line_break_holder] -->      <!-- [et_pb_line_break_holder] -->      <tr><!-- [et_pb_line_break_holder] -->        <td style=\"text-align: center; width: 50px;\">23<\/td><!-- [et_pb_line_break_holder] -->        <td style=\"background-color: #FFEFBF;\">Fredrik<\/td><!-- [et_pb_line_break_holder] -->        <td style=\"line-height: 1.5;\">Det er st\u00f8rrelsen.<\/td><!-- [et_pb_line_break_holder] -->        <td style=\"line-height: 1.5;\"><\/td><!-- [et_pb_line_break_holder] -->      <\/tr><!-- [et_pb_line_break_holder] -->      <!-- [et_pb_line_break_holder] -->      <tr><!-- [et_pb_line_break_holder] -->        <td style=\"text-align: center; width: 50px;\">24<\/td><!-- [et_pb_line_break_holder] -->        <td style=\"background-color: #C5E0B0;\">Betina<\/td><!-- [et_pb_line_break_holder] -->        <td style=\"line-height: 1.5;\">Mmm (enig).<\/td><!-- [et_pb_line_break_holder] -->        <td style=\"line-height: 1.5;\"><\/td><!-- [et_pb_line_break_holder] -->      <\/tr><!-- [et_pb_line_break_holder] -->      <!-- [et_pb_line_break_holder] -->     <tr><!-- [et_pb_line_break_holder] -->        <td style=\"text-align: center; width: 50px;\">25<\/td><!-- [et_pb_line_break_holder] -->        <td style=\"background-color: #E1EFD9;\">L2<\/td><!-- [et_pb_line_break_holder] -->        <td style=\"line-height: 1.5;\">Hva var det du sa for noe, Fredrik?<\/td><!-- [et_pb_line_break_holder] -->        <td style=\"line-height: 1.5;\"><\/td><!-- [et_pb_line_break_holder] -->      <\/tr><!-- [et_pb_line_break_holder] -->      <!-- [et_pb_line_break_holder] -->      <tr><!-- [et_pb_line_break_holder] -->        <td style=\"text-align: center; width: 50px;\">26<\/td><!-- [et_pb_line_break_holder] -->        <td style=\"background-color: #FFEFBF;\">Fredrik<\/td><!-- [et_pb_line_break_holder] -->        <td style=\"line-height: 1.5;\">At jeg bare tenkte p\u00e5 de to talla.<\/td><!-- [et_pb_line_break_holder] -->        <td style=\"line-height: 1.5;\"><\/td><!-- [et_pb_line_break_holder] -->      <\/tr><!-- [et_pb_line_break_holder] -->      <!-- [et_pb_line_break_holder] -->     <tr><!-- [et_pb_line_break_holder] -->        <td style=\"text-align: center; width: 50px;\">27<\/td><!-- [et_pb_line_break_holder] -->        <td style=\"background-color: #E1EFD9;\">L2<\/td><!-- [et_pb_line_break_holder] -->        <td style=\"line-height: 1.5;\">\u00c5 ja, du tenkte p\u00e5 de to talla, ja.<\/td><!-- [et_pb_line_break_holder] -->        <td style=\"line-height: 1.5;\"><\/td><!-- [et_pb_line_break_holder] -->      <\/tr><!-- [et_pb_line_break_holder] -->      <!-- [et_pb_line_break_holder] -->     <tr><!-- [et_pb_line_break_holder] -->        <td style=\"text-align: center; width: 50px;\">28<\/td><!-- [et_pb_line_break_holder] -->        <td style=\"background-color: #DFE0FF;\">Even<\/td><!-- [et_pb_line_break_holder] -->        <td style=\"line-height: 1.5;\">Hvilke [\u2026] to tall? \u00c5 ja, 1,5. Ser du, det er s\u00e5nn vekt. Fordi det er egg.<\/td><!-- [et_pb_line_break_holder] -->        <td style=\"line-height: 1.5;\"><\/td><!-- [et_pb_line_break_holder] -->      <\/tr><!-- [et_pb_line_break_holder] -->      <!-- [et_pb_line_break_holder] -->     <tr><!-- [et_pb_line_break_holder] -->        <td style=\"text-align: center; width: 50px;\">29<\/td><!-- [et_pb_line_break_holder] -->        <td style=\"background-color: #C5E0B0;\">Betina<\/td><!-- [et_pb_line_break_holder] -->        <td style=\"line-height: 1.5;\">Jeg tror det er en ball, og det er et egg ((peker p\u00e5 arket)).<\/td><!-- [et_pb_line_break_holder] -->        <td style=\"line-height: 1.5;\"><\/td><!-- [et_pb_line_break_holder] -->      <\/tr><!-- [et_pb_line_break_holder] -->      <!-- [et_pb_line_break_holder] -->    <tr><!-- [et_pb_line_break_holder] -->        <td style=\"text-align: center; width: 50px;\">30<\/td><!-- [et_pb_line_break_holder] -->        <td style=\"background-color: #FFEFBF;\">Fredrik<\/td><!-- [et_pb_line_break_holder] -->        <td style=\"line-height: 1.5;\">Det er en ballong.<\/td><!-- [et_pb_line_break_holder] -->        <td style=\"line-height: 1.5;\"><\/td><!-- [et_pb_line_break_holder] -->      <\/tr><!-- [et_pb_line_break_holder] -->     <!-- [et_pb_line_break_holder] -->    <\/tbody><!-- [et_pb_line_break_holder] -->  <\/table><!-- [et_pb_line_break_holder] --><\/div><!-- [et_pb_line_break_holder] -->[\/et_pb_code][et_pb_image src=&#8221;https:\/\/leselop.usn.no\/wp-content\/uploads\/2024\/10\/Elevsamtale1-19.png&#8221; title_text=&#8221;Elevsamtale1-19&#8243; disabled_on=&#8221;off|on|on&#8221; _builder_version=&#8221;4.27.2&#8243; _module_preset=&#8221;default&#8221; width_tablet=&#8221;&#8221; width_phone=&#8221;270px&#8221; width_last_edited=&#8221;on|phone&#8221; module_alignment=&#8221;center&#8221; custom_margin=&#8221;||0px||false|false&#8221; custom_padding=&#8221;||0px||false|false&#8221; global_colors_info=&#8221;{}&#8221; custom_padding__hover_enabled=&#8221;on|desktop&#8221; custom_padding__hover=&#8221;||0px||false|false&#8221;][\/et_pb_image][et_pb_image src=&#8221;https:\/\/leselop.usn.no\/wp-content\/uploads\/2024\/10\/Elevsamtale20-30.png&#8221; title_text=&#8221;Elevsamtale20-30&#8243; disabled_on=&#8221;off|on|on&#8221; _builder_version=&#8221;4.27.2&#8243; _module_preset=&#8221;default&#8221; width_tablet=&#8221;&#8221; width_phone=&#8221;271px&#8221; width_last_edited=&#8221;on|phone&#8221; module_alignment=&#8221;center&#8221; global_colors_info=&#8221;{}&#8221;][\/et_pb_image][\/et_pb_column][\/et_pb_row][et_pb_row _builder_version=&#8221;4.21.0&#8243; _module_preset=&#8221;default&#8221; max_width=&#8221;850px&#8221; module_alignment=&#8221;center&#8221; custom_css_main_element=&#8221;display:flex;||justify-content: center;&#8221; global_colors_info=&#8221;{}&#8221;][et_pb_column type=&#8221;4_4&#8243; _builder_version=&#8221;4.21.0&#8243; _module_preset=&#8221;default&#8221; global_colors_info=&#8221;{}&#8221;][et_pb_code _builder_version=&#8221;4.21.0&#8243; _module_preset=&#8221;default&#8221; text_orientation=&#8221;center&#8221; text_orientation_tablet=&#8221;center&#8221; text_orientation_phone=&#8221;center&#8221; text_orientation_last_edited=&#8221;on|desktop&#8221; global_colors_info=&#8221;{}&#8221;]<button id=\"backButton\" style=\"<!-- [et_pb_line_break_holder] -->background: #8dcfb7; <!-- [et_pb_line_break_holder] -->border-radius: 10px; <!-- [et_pb_line_break_holder] -->width: 100px; <!-- [et_pb_line_break_holder] -->height: 40px; <!-- [et_pb_line_break_holder] -->border: none; <!-- [et_pb_line_break_holder] -->font-size: 18px;<!-- [et_pb_line_break_holder] -->color: #000000; <!-- [et_pb_line_break_holder] -->transform: uppercase;&#8221; <!-- [et_pb_line_break_holder] -->onmouseover=&#8221;this.style.backgroundColor=&#8217;#5a5e5e&#8217;; this.style.color=&#8217;#ffffff&#8217;;&#8221;<!-- [et_pb_line_break_holder] -->onmouseout=&#8221;this.style.backgroundColor=&#8217;#8dcfb7&#8242;; this.style.color=&#8217;#000000&#8242;;&#8221; <!-- [et_pb_line_break_holder] -->onclick=&#8221;myFunction()&#8221;>Tilbake<\/button><!-- [et_pb_line_break_holder] --><!-- [et_pb_line_break_holder] --><script><!-- [et_pb_line_break_holder] -->document.addEventListener('DOMContentLoaded', function() {<!-- [et_pb_line_break_holder] -->  var backButton = document.getElementById('backButton'); <!-- [et_pb_line_break_holder] -->  <!-- [et_pb_line_break_holder] -->  if (backButton) {<!-- [et_pb_line_break_holder] -->    backButton.addEventListener('click', function() {<!-- [et_pb_line_break_holder] -->      window.history.back();<!-- [et_pb_line_break_holder] -->    });<!-- [et_pb_line_break_holder] -->  }<!-- [et_pb_line_break_holder] -->});<!-- [et_pb_line_break_holder] --><\/script><!-- [et_pb_line_break_holder] -->[\/et_pb_code][\/et_pb_column][\/et_pb_row][\/et_pb_section]\n","protected":false},"excerpt":{"rendered":"<p>Transkripsjon av elevsamtale Tur Navn Innhold Kommentar 1 L P\u00e5 den f\u00f8rste oppgaven skal dere f\u00e5 en lapp, her skal dere ikke bla videre. Dere kan snu lappen rundt, slik at dere har forsiden opp mot dere. Og s\u00e5 vil jeg at dere skal pr\u00f8ve \u00e5 tenke: Hva handler denne oppgaven om?2ChrisOi, det st\u00e5r p\u00e5 [&hellip;]<\/p>\n","protected":false},"author":10,"featured_media":0,"parent":0,"menu_order":0,"comment_status":"closed","ping_status":"closed","template":"","meta":{"_et_pb_use_builder":"on","_et_pb_old_content":"","_et_gb_content_width":"","footnotes":""},"trinn":[],"fag":[],"class_list":["post-4292","page","type-page","status-publish","hentry"],"_links":{"self":[{"href":"https:\/\/leselop.usn.no\/index.php?rest_route=\/wp\/v2\/pages\/4292","targetHints":{"allow":["GET"]}}],"collection":[{"href":"https:\/\/leselop.usn.no\/index.php?rest_route=\/wp\/v2\/pages"}],"about":[{"href":"https:\/\/leselop.usn.no\/index.php?rest_route=\/wp\/v2\/types\/page"}],"author":[{"embeddable":true,"href":"https:\/\/leselop.usn.no\/index.php?rest_route=\/wp\/v2\/users\/10"}],"replies":[{"embeddable":true,"href":"https:\/\/leselop.usn.no\/index.php?rest_route=%2Fwp%2Fv2%2Fcomments&post=4292"}],"version-history":[{"count":17,"href":"https:\/\/leselop.usn.no\/index.php?rest_route=\/wp\/v2\/pages\/4292\/revisions"}],"predecessor-version":[{"id":10188,"href":"https:\/\/leselop.usn.no\/index.php?rest_route=\/wp\/v2\/pages\/4292\/revisions\/10188"}],"wp:attachment":[{"href":"https:\/\/leselop.usn.no\/index.php?rest_route=%2Fwp%2Fv2%2Fmedia&parent=4292"}],"wp:term":[{"taxonomy":"trinn","embeddable":true,"href":"https:\/\/leselop.usn.no\/index.php?rest_route=%2Fwp%2Fv2%2Ftrinn&post=4292"},{"taxonomy":"fag","embeddable":true,"href":"https:\/\/leselop.usn.no\/index.php?rest_route=%2Fwp%2Fv2%2Ffag&post=4292"}],"curies":[{"name":"wp","href":"https:\/\/api.w.org\/{rel}","templated":true}]}}