{"id":2664,"date":"2024-05-10T06:39:45","date_gmt":"2024-05-10T06:39:45","guid":{"rendered":"https:\/\/leselop.usn.no\/?page_id=2664"},"modified":"2025-08-07T11:56:32","modified_gmt":"2025-08-07T09:56:32","slug":"leselop-3-hendelse-4","status":"publish","type":"page","link":"https:\/\/leselop.usn.no\/?page_id=2664","title":{"rendered":"3. Elevers lesehistorier &#8211; Aktivitet 4 &#8211; Beskrivelse"},"content":{"rendered":"\n[et_pb_section fb_built=&#8221;1&#8243; _builder_version=&#8221;4.21.0&#8243; _module_preset=&#8221;default&#8221; background_color=&#8221;#f4f4f4&#8243; custom_css_main_element=&#8221;min-height: 100vh;&#8221; da_disable_devices=&#8221;off|off|off&#8221; global_colors_info=&#8221;{}&#8221; da_is_popup=&#8221;off&#8221; da_exit_intent=&#8221;off&#8221; da_has_close=&#8221;on&#8221; da_alt_close=&#8221;off&#8221; da_dark_close=&#8221;off&#8221; da_not_modal=&#8221;on&#8221; da_is_singular=&#8221;off&#8221; da_with_loader=&#8221;off&#8221; da_has_shadow=&#8221;on&#8221;][et_pb_row column_structure=&#8221;1_4,3_4&#8243; use_custom_gutter=&#8221;on&#8221; gutter_width=&#8221;1&#8243; make_equal=&#8221;on&#8221; _builder_version=&#8221;4.21.0&#8243; _module_preset=&#8221;default&#8221; max_width=&#8221;850px&#8221; custom_css_main_element=&#8221;width:75% !important;&#8221; global_colors_info=&#8221;{}&#8221;][et_pb_column type=&#8221;1_4&#8243; _builder_version=&#8221;4.21.0&#8243; _module_preset=&#8221;default&#8221; custom_css_main_element=&#8221;width:12% !important;&#8221; global_colors_info=&#8221;{}&#8221; custom_css_main_element_last_edited=&#8221;on|phone&#8221; custom_css_main_element_tablet=&#8221;width:18% !important;&#8221; custom_css_main_element_phone=&#8221;width:30% !important;&#8221;][et_pb_image src=&#8221;https:\/\/leselop.usn.no\/wp-content\/uploads\/2025\/06\/Leselop-skrive-green.png&#8221; title_text=&#8221;Leselop-skrive-green&#8221; _builder_version=&#8221;4.27.4&#8243; _module_preset=&#8221;default&#8221; hover_enabled=&#8221;0&#8243; global_colors_info=&#8221;{}&#8221; sticky_enabled=&#8221;0&#8243;][\/et_pb_image][\/et_pb_column][et_pb_column type=&#8221;3_4&#8243; _builder_version=&#8221;4.21.0&#8243; _module_preset=&#8221;default&#8221; custom_css_main_element=&#8221;width:88% !important;||margin: auto;||padding-left: 30px;&#8221; global_colors_info=&#8221;{}&#8221; custom_css_main_element_last_edited=&#8221;on|phone&#8221; custom_css_main_element_tablet=&#8221;width:82% !important;||padding-left: 25px;||padding-top:35px&#8221; custom_css_main_element_phone=&#8221;width:70% !important;||padding-left: 15px;||padding-top:29px&#8221;][et_pb_text content_tablet=&#8221;<h1>Beskrivelse<\/h1>&#8221; content_phone=&#8221;<h3>Beskrivelse<\/h3>\n<p><o:p><\/o:p><\/p>&#8221; content_last_edited=&#8221;on|phone&#8221; _builder_version=&#8221;4.27.4&#8243; _module_preset=&#8221;default&#8221; hover_enabled=&#8221;0&#8243; global_colors_info=&#8221;{}&#8221; custom_css_main_element_last_edited=&#8221;on|phone&#8221; sticky_enabled=&#8221;0&#8243;]<h1>Beskrivelse<\/h1>[\/et_pb_text][\/et_pb_column][\/et_pb_row][et_pb_row custom_padding_last_edited=&#8221;on|phone&#8221; _builder_version=&#8221;4.21.0&#8243; _module_preset=&#8221;default&#8221; background_color=&#8221;#ffffff&#8221; max_width=&#8221;850px&#8221; max_width_tablet=&#8221;850px&#8221; max_width_phone=&#8221;850px&#8221; max_width_last_edited=&#8221;on|desktop&#8221; custom_padding=&#8221;60px|70px|60px|70px|false|false&#8221; custom_padding_tablet=&#8221;50px|55px|50px|55px|false|false&#8221; custom_padding_phone=&#8221;45px|45px|30px|45px|false|false&#8221; border_radii=&#8221;on|30px|30px|30px|30px&#8221; border_style_all=&#8221;dotted&#8221; global_colors_info=&#8221;{}&#8221;][et_pb_column type=&#8221;4_4&#8243; _builder_version=&#8221;4.21.0&#8243; _module_preset=&#8221;default&#8221; global_colors_info=&#8221;{}&#8221;][et_pb_text content_tablet=&#8221;<p style=%22margin: 0cm; line-height: 150%;%22><b>Forklaring til skriveoppgavene <o:p><\/o:p><\/b><\/p>\n<p style=%22margin: 0cm; line-height: 150%;%22>Elevene f\u00e5r utdelt noen ufullstendige setninger som de skal fylle ut. Setningene er ment \u00e5 sette i gang en tankeprosess knyttet til egen lesing. De skal tenke gjennom hvor de leser, hvor ofte de leser, og hva de synes om lesing. Her er det muligheter for \u00e5 fylle p\u00e5 med mange flere setninger knyttet til steder, tekster, tanker og opplevelser. Elevene kan ogs\u00e5 lage slike setninger selv og fylle inn. Videre kan elevene lage setninger og f\u00e5 de andre elevene i klassen til \u00e5 fylle inn. Dersom det er satt av tid, kan alts\u00e5 denne oppgaven utvides. <o:p><\/o:p><\/p>\n<p style=%22margin: 0cm; line-height: 150%;%22>\n<p style=%22margin: 0cm; line-height: 150%;%22>Videre fyller elevene inn en tabell hvor de huker av p\u00e5 hvor ofte de leser ulike typer tekster. Tabellen tvinger elevene til \u00e5 tenke over hvor ofte de leser ulike hverdagslige tekster. Gjennom oppgaven blir elevene introdusert for et mangfold av teksttyper. Dette kan \u00e5pne opp for et utvidet tekstbegrep og for at flere elever f\u00e5r en opplevelse av at de leser mer enn de kanskje trodde. Denne oppgaven kan, eller b\u00f8r, ogs\u00e5 brukes til \u00e5 lage statistikk og diagrammer i klassen. L\u00e6reren kan samle inn datamaterialet, og klassen kan finne ut hvilke tekster det leses mest av i klassen, eller hvor ofte de leser. Dette kan for eksempel presenteres i et sektordiagram. Det kan ogs\u00e5 v\u00e6re interessant \u00e5 sammenligne gutter og jenter eller ulike klasser og trinn. <o:p><\/o:p><\/p>\n<p style=%22margin: 0cm; line-height: 150%;%22>\n<p style=%22margin: 0cm; line-height: 150%;%22>Avslutningsvis skal elevene skrive kort om en tekst de synes er god. Her b\u00f8r de begrunne ved \u00e5 si hvorfor de valgte denne teksten, skrive litt om hva den handler om, og hvorfor teksten er god. <o:p><\/o:p><\/p>\n<ul><\/ul>\n<ul><\/ul>&#8221; content_phone=&#8221;<p style=%22margin: 0cm; line-height: 150%;%22><b>Forklaring til skriveoppgavene <o:p><\/o:p><\/b><\/p>\n<p style=%22margin: 0cm; line-height: 150%;%22>Elevene f\u00e5r utdelt noen ufullstendige setninger som de skal fylle ut. Setningene er ment \u00e5 sette i gang en tankeprosess knyttet til egen lesing. De skal tenke gjennom hvor de leser, hvor ofte de leser, og hva de synes om lesing. Her er det muligheter for \u00e5 fylle p\u00e5 med mange flere setninger knyttet til steder, tekster, tanker og opplevelser. Elevene kan ogs\u00e5 lage slike setninger selv og fylle inn. Videre kan elevene lage setninger og f\u00e5 de andre elevene i klassen til \u00e5 fylle inn. Dersom det er satt av tid, kan alts\u00e5 denne oppgaven utvides. <o:p><\/o:p><\/p>\n<p style=%22margin: 0cm; line-height: 150%;%22>Videre fyller elevene inn en tabell hvor de huker av p\u00e5 hvor ofte de leser ulike typer tekster. Tabellen tvinger elevene til \u00e5 tenke over hvor ofte de leser ulike hverdagslige tekster. Gjennom oppgaven blir elevene introdusert for et mangfold av teksttyper. Dette kan \u00e5pne opp for et utvidet tekstbegrep og for at flere elever f\u00e5r en opplevelse av at de leser mer enn de kanskje trodde. Denne oppgaven kan, eller b\u00f8r, ogs\u00e5 brukes til \u00e5 lage statistikk og diagrammer i klassen. L\u00e6reren kan samle inn datamaterialet, og klassen kan finne ut hvilke tekster det leses mest av i klassen, eller hvor ofte de leser. Dette kan for eksempel presenteres i et sektordiagram. Det kan ogs\u00e5 v\u00e6re interessant \u00e5 sammenligne gutter og jenter eller ulike klasser og trinn. <o:p><\/o:p><\/p>\n<p style=%22margin: 0cm; line-height: 150%;%22>Avslutningsvis skal elevene skrive kort om en tekst de synes er god. Her b\u00f8r de begrunne ved \u00e5 si hvorfor de valgte denne teksten, skrive litt om hva den handler om, og hvorfor teksten er god. <o:p><\/o:p><\/p>&#8221; content_last_edited=&#8221;on|phone&#8221; _builder_version=&#8221;4.21.0&#8243; _module_preset=&#8221;default&#8221; text_font_size=&#8221;17px&#8221; text_line_height=&#8221;1.8em&#8221; text_line_height_tablet=&#8221;1.8em&#8221; text_line_height_phone=&#8221;1.5em&#8221; text_line_height_last_edited=&#8221;on|desktop&#8221; locked=&#8221;off&#8221; global_colors_info=&#8221;{}&#8221;]<p style=\"margin: 0cm; line-height: 150%;\"><b>Forklaring til skriveoppgavene <o:p><\/o:p><\/b><\/p>\n<p style=\"margin: 0cm; line-height: 150%;\">Elevene f\u00e5r utdelt noen ufullstendige setninger som de skal fylle ut. Setningene er ment \u00e5 sette i gang en tankeprosess knyttet til egen lesing. De skal tenke gjennom hvor de leser, hvor ofte de leser, og hva de synes om lesing. Her er det muligheter for \u00e5 fylle p\u00e5 med mange flere setninger knyttet til steder, tekster, tanker og opplevelser. Elevene kan ogs\u00e5 lage slike setninger selv og fylle inn. Videre kan elevene lage setninger og f\u00e5 de andre elevene i klassen til \u00e5 fylle inn. Dersom det er satt av tid, kan alts\u00e5 denne oppgaven utvides. <o:p><\/o:p><\/p>\n<p style=\"margin: 0cm; line-height: 150%;\">Videre fyller elevene inn en tabell hvor de huker av p\u00e5 hvor ofte de leser ulike typer tekster. Tabellen tvinger elevene til \u00e5 tenke over hvor ofte de leser ulike hverdagslige tekster. Gjennom oppgaven blir elevene introdusert for et mangfold av teksttyper. Dette kan \u00e5pne opp for et utvidet tekstbegrep og for at flere elever f\u00e5r en opplevelse av at de leser mer enn de kanskje trodde. Denne oppgaven kan, eller b\u00f8r, ogs\u00e5 brukes til \u00e5 lage statistikk og diagrammer i klassen. L\u00e6reren kan samle inn datamaterialet, og klassen kan finne ut hvilke tekster det leses mest av i klassen, eller hvor ofte de leser. Dette kan for eksempel presenteres i et sektordiagram. Det kan ogs\u00e5 v\u00e6re interessant \u00e5 sammenligne gutter og jenter eller ulike klasser og trinn. <o:p><\/o:p><\/p>\n<p style=\"margin: 0cm; line-height: 150%;\">Avslutningsvis skal elevene skrive kort om en tekst de synes er god. Her b\u00f8r de begrunne ved \u00e5 si hvorfor de valgte denne teksten, skrive litt om hva den handler om, og hvorfor teksten er god. <o:p><\/o:p><\/p>[\/et_pb_text][\/et_pb_column][\/et_pb_row][et_pb_row _builder_version=&#8221;4.21.0&#8243; _module_preset=&#8221;default&#8221; max_width=&#8221;850px&#8221; module_alignment=&#8221;center&#8221; custom_css_main_element=&#8221;display:flex;||justify-content: center;&#8221; global_colors_info=&#8221;{}&#8221;][et_pb_column type=&#8221;4_4&#8243; _builder_version=&#8221;4.21.0&#8243; _module_preset=&#8221;default&#8221; global_colors_info=&#8221;{}&#8221;][et_pb_code _builder_version=&#8221;4.21.0&#8243; _module_preset=&#8221;default&#8221; text_orientation=&#8221;center&#8221; text_orientation_tablet=&#8221;center&#8221; text_orientation_phone=&#8221;center&#8221; text_orientation_last_edited=&#8221;on|desktop&#8221; global_colors_info=&#8221;{}&#8221;]<button id=\"backButton\" style=\"<!-- [et_pb_line_break_holder] -->background: #8dcfb7; <!-- [et_pb_line_break_holder] -->border-radius: 10px; <!-- [et_pb_line_break_holder] -->width: 100px; <!-- [et_pb_line_break_holder] -->height: 40px; <!-- [et_pb_line_break_holder] -->border: none; <!-- [et_pb_line_break_holder] -->font-size: 18px;<!-- [et_pb_line_break_holder] -->color: #000000; <!-- [et_pb_line_break_holder] -->transform: uppercase;&#8221; <!-- [et_pb_line_break_holder] -->onmouseover=&#8221;this.style.backgroundColor=&#8217;#5a5e5e&#8217;; this.style.color=&#8217;#ffffff&#8217;;&#8221;<!-- [et_pb_line_break_holder] -->onmouseout=&#8221;this.style.backgroundColor=&#8217;#8dcfb7&#8242;; this.style.color=&#8217;#000000&#8242;;&#8221; <!-- [et_pb_line_break_holder] -->onclick=&#8221;myFunction()&#8221;>Tilbake<\/button><!-- [et_pb_line_break_holder] --><!-- [et_pb_line_break_holder] --><script><!-- [et_pb_line_break_holder] -->document.addEventListener('DOMContentLoaded', function() {<!-- [et_pb_line_break_holder] -->  var backButton = document.getElementById('backButton'); <!-- [et_pb_line_break_holder] -->  <!-- [et_pb_line_break_holder] -->  if (backButton) {<!-- [et_pb_line_break_holder] -->    backButton.addEventListener('click', function() {<!-- [et_pb_line_break_holder] -->      window.history.back();<!-- [et_pb_line_break_holder] -->    });<!-- [et_pb_line_break_holder] -->  }<!-- [et_pb_line_break_holder] -->});<!-- [et_pb_line_break_holder] --><\/script><!-- [et_pb_line_break_holder] -->[\/et_pb_code][\/et_pb_column][\/et_pb_row][\/et_pb_section]\n","protected":false},"excerpt":{"rendered":"<p>BeskrivelseForklaring til skriveoppgavene Elevene f\u00e5r utdelt noen ufullstendige setninger som de skal fylle ut. Setningene er ment \u00e5 sette i gang en tankeprosess knyttet til egen lesing. De skal tenke gjennom hvor de leser, hvor ofte de leser, og hva de synes om lesing. Her er det muligheter for \u00e5 fylle p\u00e5 med mange flere [&hellip;]<\/p>\n","protected":false},"author":10,"featured_media":0,"parent":0,"menu_order":0,"comment_status":"closed","ping_status":"closed","template":"","meta":{"_et_pb_use_builder":"on","_et_pb_old_content":"","_et_gb_content_width":"","footnotes":""},"trinn":[],"fag":[],"class_list":["post-2664","page","type-page","status-publish","hentry"],"_links":{"self":[{"href":"https:\/\/leselop.usn.no\/index.php?rest_route=\/wp\/v2\/pages\/2664","targetHints":{"allow":["GET"]}}],"collection":[{"href":"https:\/\/leselop.usn.no\/index.php?rest_route=\/wp\/v2\/pages"}],"about":[{"href":"https:\/\/leselop.usn.no\/index.php?rest_route=\/wp\/v2\/types\/page"}],"author":[{"embeddable":true,"href":"https:\/\/leselop.usn.no\/index.php?rest_route=\/wp\/v2\/users\/10"}],"replies":[{"embeddable":true,"href":"https:\/\/leselop.usn.no\/index.php?rest_route=%2Fwp%2Fv2%2Fcomments&post=2664"}],"version-history":[{"count":16,"href":"https:\/\/leselop.usn.no\/index.php?rest_route=\/wp\/v2\/pages\/2664\/revisions"}],"predecessor-version":[{"id":10137,"href":"https:\/\/leselop.usn.no\/index.php?rest_route=\/wp\/v2\/pages\/2664\/revisions\/10137"}],"wp:attachment":[{"href":"https:\/\/leselop.usn.no\/index.php?rest_route=%2Fwp%2Fv2%2Fmedia&parent=2664"}],"wp:term":[{"taxonomy":"trinn","embeddable":true,"href":"https:\/\/leselop.usn.no\/index.php?rest_route=%2Fwp%2Fv2%2Ftrinn&post=2664"},{"taxonomy":"fag","embeddable":true,"href":"https:\/\/leselop.usn.no\/index.php?rest_route=%2Fwp%2Fv2%2Ffag&post=2664"}],"curies":[{"name":"wp","href":"https:\/\/api.w.org\/{rel}","templated":true}]}}