{"id":12209,"date":"2025-09-10T08:52:58","date_gmt":"2025-09-10T06:52:58","guid":{"rendered":"https:\/\/leselop.usn.no\/?page_id=12209"},"modified":"2025-09-10T09:33:16","modified_gmt":"2025-09-10T07:33:16","slug":"6-tekstoppgaver-i-matematikk-aktivitet-8-lesestrategier-tekstoppgaver","status":"publish","type":"page","link":"https:\/\/leselop.usn.no\/?page_id=12209","title":{"rendered":"6. Tekstoppgaver i matematikk &#8211; Aktivitet 8 &#8211; Lesestrategier tekstoppgaver"},"content":{"rendered":"<p>[et_pb_section fb_built=&#8221;1&#8243; _builder_version=&#8221;4.21.0&#8243; _module_preset=&#8221;default&#8221; background_color=&#8221;#f4f4f4&#8243; custom_css_main_element=&#8221;min-height: 100vh;&#8221; da_disable_devices=&#8221;off|off|off&#8221; global_colors_info=&#8221;{}&#8221; da_is_popup=&#8221;off&#8221; da_exit_intent=&#8221;off&#8221; da_has_close=&#8221;on&#8221; da_alt_close=&#8221;off&#8221; da_dark_close=&#8221;off&#8221; da_not_modal=&#8221;on&#8221; da_is_singular=&#8221;off&#8221; da_with_loader=&#8221;off&#8221; da_has_shadow=&#8221;on&#8221;][et_pb_row column_structure=&#8221;1_4,3_4&#8243; use_custom_gutter=&#8221;on&#8221; gutter_width=&#8221;1&#8243; make_equal=&#8221;on&#8221; _builder_version=&#8221;4.27.2&#8243; _module_preset=&#8221;default&#8221; max_width=&#8221;850px&#8221; custom_css_main_element=&#8221;width:75% !important;&#8221; global_colors_info=&#8221;{}&#8221;][et_pb_column type=&#8221;1_4&#8243; _builder_version=&#8221;4.21.0&#8243; _module_preset=&#8221;default&#8221; custom_css_main_element=&#8221;width:12% !important;&#8221; global_colors_info=&#8221;{}&#8221; custom_css_main_element_last_edited=&#8221;on|phone&#8221; custom_css_main_element_tablet=&#8221;width:18% !important;&#8221; custom_css_main_element_phone=&#8221;width:30% !important;&#8221;][et_pb_image src=&#8221;https:\/\/leselop.usn.no\/wp-content\/uploads\/2025\/06\/Leselop-skrive-green.png&#8221; title_text=&#8221;Leselop-skrive-green&#8221; src_tablet=&#8221;https:\/\/leselop.usn.no\/wp-content\/uploads\/2025\/06\/Leselop-skrive-green.png&#8221; src_phone=&#8221;https:\/\/leselop.usn.no\/wp-content\/uploads\/2025\/06\/Leselop-skrive-green.png&#8221; src_last_edited=&#8221;on|phone&#8221; _builder_version=&#8221;4.27.4&#8243; _module_preset=&#8221;default&#8221; global_colors_info=&#8221;{}&#8221;][\/et_pb_image][\/et_pb_column][et_pb_column type=&#8221;3_4&#8243; _builder_version=&#8221;4.27.2&#8243; _module_preset=&#8221;default&#8221; custom_css_main_element=&#8221;width:88% !important;||margin: auto;||padding-left: 30px;&#8221; global_colors_info=&#8221;{}&#8221; custom_css_main_element_last_edited=&#8221;on|phone&#8221; custom_css_main_element_tablet=&#8221;width:82% !important;||padding-left: 25px;||padding-top:35px&#8221; custom_css_main_element_phone=&#8221;width:70% !important;||padding-left: 15px;||padding-top:15px&#8221;][et_pb_text content_tablet=&#8221;<\/p>\n<h1><span>Lesestrategier i tekstoppgaver<\/span><\/h1>\n<p>&#8221; content_phone=&#8221;<\/p>\n<h3><span style=%22font-size: 16px;%22>Lesestrategier i<br \/><\/span><span style=%22font-size: 16px;%22>tekstoppgaver<\/span><\/h3>\n<p>&#8221; content_last_edited=&#8221;on|phone&#8221; _builder_version=&#8221;4.27.4&#8243; _module_preset=&#8221;default&#8221; hover_enabled=&#8221;0&#8243; global_colors_info=&#8221;{}&#8221; sticky_enabled=&#8221;0&#8243;]<\/p>\n<h1><span>Lesestrategier i tekstoppgaver<\/span><\/h1>\n<p>[\/et_pb_text][\/et_pb_column][\/et_pb_row][et_pb_row custom_padding_last_edited=&#8221;on|tablet&#8221; _builder_version=&#8221;4.27.4&#8243; _module_preset=&#8221;default&#8221; background_color=&#8221;#ffffff&#8221; max_width=&#8221;850px&#8221; max_width_tablet=&#8221;850px&#8221; max_width_phone=&#8221;850px&#8221; max_width_last_edited=&#8221;on|desktop&#8221; custom_margin=&#8221;||40px||false|false&#8221; custom_padding=&#8221;60px|70px|60px|70px|false|false&#8221; custom_padding_tablet=&#8221;50px|45px|50px|45px|false|false&#8221; custom_padding_phone=&#8221;30px|30px|30px|30px|false|false&#8221; border_radii=&#8221;on|30px|30px|30px|30px&#8221; border_style_all=&#8221;dotted&#8221; global_colors_info=&#8221;{}&#8221;][et_pb_column type=&#8221;4_4&#8243; _builder_version=&#8221;4.21.0&#8243; _module_preset=&#8221;default&#8221; global_colors_info=&#8221;{}&#8221;][et_pb_code disabled_on=&#8221;on|on|off&#8221; _builder_version=&#8221;4.27.4&#8243; _module_preset=&#8221;default&#8221; custom_margin=&#8221;||30px||false|false&#8221; global_colors_info=&#8221;{}&#8221;]<\/p>\n<style><!-- [et_pb_line_break_holder] -->  \/* ====== Oversikt \u2013 tre strategityper ====== *\/<!-- [et_pb_line_break_holder] -->  :root{<!-- [et_pb_line_break_holder] -->    --c4-memo:#d7e6f6;      \/* bl\u00e5 \u2013 memoreringsstrategier *\/<!-- [et_pb_line_break_holder] -->    --c4-fordyp:#d8ead8;    \/* gr\u00f8nn \u2013 fordypningsstrategier *\/<!-- [et_pb_line_break_holder] -->    --c4-kontroll:#f6ebc5;  \/* gul \u2013 kontrollstrategier *\/<!-- [et_pb_line_break_holder] -->    --c4-border:#000000;    \/* sort ramme *\/<!-- [et_pb_line_break_holder] -->    --c4-text:#000000;      \/* sort tekst *\/<!-- [et_pb_line_break_holder] -->  }<!-- [et_pb_line_break_holder] --><!-- [et_pb_line_break_holder] -->  .memo4-wrap{ font-family:inherit; color:var(--c4-text); }<!-- [et_pb_line_break_holder] -->  .memo4-table{<!-- [et_pb_line_break_holder] -->    width:100%;<!-- [et_pb_line_break_holder] -->    border-collapse:collapse;<!-- [et_pb_line_break_holder] -->    border:1px solid var(--c4-border);<!-- [et_pb_line_break_holder] -->    font-size:16px;<!-- [et_pb_line_break_holder] -->    line-height:1.45;<!-- [et_pb_line_break_holder] -->  }<!-- [et_pb_line_break_holder] -->  .memo4-table th, .memo4-table td{<!-- [et_pb_line_break_holder] -->    border:1px solid var(--c4-border);<!-- [et_pb_line_break_holder] -->    padding:14px 16px;<!-- [et_pb_line_break_holder] -->    vertical-align:top;<!-- [et_pb_line_break_holder] -->    text-align:left;<!-- [et_pb_line_break_holder] -->  }<!-- [et_pb_line_break_holder] --><!-- [et_pb_line_break_holder] -->  .memo4-table th{ font-weight:600; }<!-- [et_pb_line_break_holder] --><!-- [et_pb_line_break_holder] -->  \/* Kolonnefarger *\/<!-- [et_pb_line_break_holder] -->  .memo4-table td.memo-col, .memo4-table th.memo-col{ background:var(--c4-memo); }<!-- [et_pb_line_break_holder] -->  .memo4-table td.fordyp-col, .memo4-table th.fordyp-col{ background:var(--c4-fordyp); }<!-- [et_pb_line_break_holder] -->  .memo4-table td.kontroll-col, .memo4-table th.kontroll-col{ background:var(--c4-kontroll); }<!-- [et_pb_line_break_holder] --><!-- [et_pb_line_break_holder] -->  \/* Responsivt *\/<!-- [et_pb_line_break_holder] -->  @media (max-width: 767px){<!-- [et_pb_line_break_holder] -->    .memo4-table{ font-size:14px; }<!-- [et_pb_line_break_holder] -->  }<!-- [et_pb_line_break_holder] -->  @media (min-width: 768px) and (max-width: 1024px){<!-- [et_pb_line_break_holder] -->    .memo4-table{ font-size:15px; }<!-- [et_pb_line_break_holder] -->  }<!-- [et_pb_line_break_holder] --><\/style>\n<p><!-- [et_pb_line_break_holder] --><!-- [et_pb_line_break_holder] --><\/p>\n<div class=\"memo4-wrap\"><!-- [et_pb_line_break_holder] -->  <\/p>\n<div class=\"memo4-scroll\"><!-- [et_pb_line_break_holder] -->    <\/p>\n<table class=\"memo4-table\" role=\"table\" aria-label=\"Oversikt strategier\"><!-- [et_pb_line_break_holder] -->      <\/p>\n<thead><!-- [et_pb_line_break_holder] -->        <\/p>\n<tr><!-- [et_pb_line_break_holder] -->          <\/p>\n<th class=\"memo-col\">Memoreringsstrategier<\/th>\n<p><!-- [et_pb_line_break_holder] -->          <\/p>\n<th class=\"fordyp-col\">Fordypningsstrategier<\/th>\n<p><!-- [et_pb_line_break_holder] -->          <\/p>\n<th class=\"kontroll-col\">Kontrollstrategier<\/th>\n<p><!-- [et_pb_line_break_holder] -->        <\/tr>\n<p><!-- [et_pb_line_break_holder] -->      <\/thead>\n<p><!-- [et_pb_line_break_holder] -->      <\/p>\n<tbody><!-- [et_pb_line_break_holder] -->        <\/p>\n<tr><!-- [et_pb_line_break_holder] -->          <\/p>\n<td class=\"memo-col\"><!-- [et_pb_line_break_holder] -->            \u2713 Notere eller peke for \u00e5 huske\/skille ut viktig informasjon<!\u2013- [et_pb_br_holder] -\u2013><!-- [et_pb_line_break_holder] -->            \u2713 Ikke lese line\u00e6rt \u2013 lese\/se p\u00e5 flere modaliteter \u2013 flytte \u00f8ynene uline\u00e6rt<!\u2013- [et_pb_br_holder] -\u2013><!-- [et_pb_line_break_holder] -->            \u2713 Skape overblikk<!\u2013- [et_pb_br_holder] -\u2013><!-- [et_pb_line_break_holder] -->            \u2713 Lese mange ganger og ikke hele teksten p\u00e5 en gang<!-- [et_pb_line_break_holder] -->          <\/td>\n<p><!-- [et_pb_line_break_holder] -->          <\/p>\n<td class=\"fordyp-col\"><!-- [et_pb_line_break_holder] -->            \u2713 N\u00e6rlesing. Tekstoppgaver er langsomme tekster. Dele opp litt om gangen. Sikre forst\u00e5else av begreper.<!\u2013- [et_pb_br_holder] -\u2013><!-- [et_pb_line_break_holder] -->            \u2713 Notere ved siden av for \u00e5 organisere informasjon, skape struktur og knytte informasjonen sammen.<!\u2013- [et_pb_br_holder] -\u2013><!-- [et_pb_line_break_holder] -->            \u2713 Tegne ved siden av for \u00e5 organisere informasjon, skape struktur og knytte informasjonen sammen.<!\u2013- [et_pb_br_holder] -\u2013><!-- [et_pb_line_break_holder] -->            \u2713 Lese med mange ulike lesebestillinger.<!\u2013- [et_pb_br_holder] -\u2013><!-- [et_pb_line_break_holder] -->            \u2713 Oppsummere: Hva er det oppgaven sp\u00f8r om?<!-- [et_pb_line_break_holder] -->          <\/td>\n<p><!-- [et_pb_line_break_holder] -->          <\/p>\n<td class=\"kontroll-col\"><!-- [et_pb_line_break_holder] -->            \u2713 Stille og besvarer sp\u00f8rsm\u00e5l til teksten.<!\u2013- [et_pb_br_holder] -\u2013><!-- [et_pb_line_break_holder] -->            \u2713 Lese med ulike lesebestillinger.<!-- [et_pb_line_break_holder] -->          <\/td>\n<p><!-- [et_pb_line_break_holder] -->        <\/tr>\n<p><!-- [et_pb_line_break_holder] -->      <\/tbody>\n<p><!-- [et_pb_line_break_holder] -->    <\/table>\n<p><!-- [et_pb_line_break_holder] -->  <\/div>\n<p><!-- [et_pb_line_break_holder] --><\/div>\n<p><!-- [et_pb_line_break_holder] -->[\/et_pb_code][et_pb_image src=&#8221;https:\/\/leselop.usn.no\/wp-content\/uploads\/2025\/09\/lesestratigier.png&#8221; title_text=&#8221;lesestratigier&#8221; disabled_on=&#8221;off|off|on&#8221; _builder_version=&#8221;4.27.4&#8243; _module_preset=&#8221;default&#8221; custom_margin=&#8221;||||false|false&#8221; global_colors_info=&#8221;{}&#8221;][\/et_pb_image][\/et_pb_column][\/et_pb_row][et_pb_row custom_padding_last_edited=&#8221;on|tablet&#8221; _builder_version=&#8221;4.27.4&#8243; _module_preset=&#8221;default&#8221; background_color=&#8221;#ffffff&#8221; max_width=&#8221;850px&#8221; max_width_tablet=&#8221;850px&#8221; max_width_phone=&#8221;850px&#8221; max_width_last_edited=&#8221;on|desktop&#8221; custom_margin=&#8221;||40px||false|false&#8221; custom_padding=&#8221;60px|70px|60px|70px|false|false&#8221; custom_padding_tablet=&#8221;50px|45px|50px|45px|false|false&#8221; custom_padding_phone=&#8221;30px|30px|30px|30px|false|false&#8221; border_radii=&#8221;on|30px|30px|30px|30px&#8221; border_style_all=&#8221;dotted&#8221; global_colors_info=&#8221;{}&#8221;][et_pb_column type=&#8221;4_4&#8243; _builder_version=&#8221;4.21.0&#8243; _module_preset=&#8221;default&#8221; global_colors_info=&#8221;{}&#8221;][et_pb_code disabled_on=&#8221;on|off|off&#8221; _builder_version=&#8221;4.27.4&#8243; _module_preset=&#8221;default&#8221; global_colors_info=&#8221;{}&#8221;]<\/p>\n<style><!-- [et_pb_line_break_holder] -->  \/* ====== Strategigrupper \u2013 oversiktstabell med bilder ====== *\/<!-- [et_pb_line_break_holder] -->  :root{<!-- [et_pb_line_break_holder] -->    --c6-head:#ead4b9;     \/* topphoder *\/<!-- [et_pb_line_break_holder] -->    --c6-cell:#f3e3c8;     \/* vanlige celler *\/<!-- [et_pb_line_break_holder] -->    --c6-border:#3a2d1f;   \/* kant *\/<!-- [et_pb_line_break_holder] -->    --c6-text:#000;        \/* sort tekst *\/<!-- [et_pb_line_break_holder] -->  }<!-- [et_pb_line_break_holder] --><!-- [et_pb_line_break_holder] -->  .memo6-wrap{ font-family:inherit; color:var(--c6-text); }<!-- [et_pb_line_break_holder] -->  .memo6-table{<!-- [et_pb_line_break_holder] -->    width:100%;<!-- [et_pb_line_break_holder] -->    border-collapse:collapse;<!-- [et_pb_line_break_holder] -->    border:2px solid var(--c6-border);<!-- [et_pb_line_break_holder] -->    font-size:16px;<!-- [et_pb_line_break_holder] -->    line-height:1.45;<!-- [et_pb_line_break_holder] -->  }<!-- [et_pb_line_break_holder] -->  .memo6-table th,<!-- [et_pb_line_break_holder] -->  .memo6-table td{<!-- [et_pb_line_break_holder] -->    border:1px solid var(--c6-border);<!-- [et_pb_line_break_holder] -->    padding:14px 16px;<!-- [et_pb_line_break_holder] -->    vertical-align:top;     \/* toppjustert *\/<!-- [et_pb_line_break_holder] -->    background:var(--c6-cell);<!-- [et_pb_line_break_holder] -->  }<!-- [et_pb_line_break_holder] -->  .memo6-table thead th{<!-- [et_pb_line_break_holder] -->    background:var(--c6-head);<!-- [et_pb_line_break_holder] -->    font-weight:700;<!-- [et_pb_line_break_holder] -->    text-align:left;        \/* Strategigruppe overskrift skal ikke v\u00e6re sentrert *\/<!-- [et_pb_line_break_holder] -->  }<!-- [et_pb_line_break_holder] --><!-- [et_pb_line_break_holder] -->  \/* F\u00f8rste kolonne \u2013 innhold sentrert horisontalt *\/<!-- [et_pb_line_break_holder] -->  .memo6-table td.memo6-col-type{<!-- [et_pb_line_break_holder] -->    width:140px;<!-- [et_pb_line_break_holder] -->    font-weight:700;<!-- [et_pb_line_break_holder] -->    text-align:center;      \/* horisontal sentrering *\/<!-- [et_pb_line_break_holder] -->  }<!-- [et_pb_line_break_holder] --><!-- [et_pb_line_break_holder] -->  .memo6-icon img{<!-- [et_pb_line_break_holder] -->    display:block;<!-- [et_pb_line_break_holder] -->    max-width:60px;<!-- [et_pb_line_break_holder] -->    height:auto;<!-- [et_pb_line_break_holder] -->    margin:8px auto 0;<!-- [et_pb_line_break_holder] -->  }<!-- [et_pb_line_break_holder] --><!-- [et_pb_line_break_holder] -->  .memo6-list{ margin:0; padding-left:1.2em; }<!-- [et_pb_line_break_holder] -->  .memo6-list li{ margin:0 0 .4em; }<!-- [et_pb_line_break_holder] --><!-- [et_pb_line_break_holder] -->  \/* Mobil *\/<!-- [et_pb_line_break_holder] -->  @media (max-width: 767px){<!-- [et_pb_line_break_holder] -->    .memo6-table{ font-size:14px; }<!-- [et_pb_line_break_holder] -->    .memo6-table td.memo6-col-type{ width:100px; }<!-- [et_pb_line_break_holder] -->    .memo6-icon img{ max-width:45px; }<!-- [et_pb_line_break_holder] -->  }<!-- [et_pb_line_break_holder] --><\/style>\n<p><!-- [et_pb_line_break_holder] --><!-- [et_pb_line_break_holder] --><\/p>\n<div class=\"memo6-wrap\"><!-- [et_pb_line_break_holder] -->  <\/p>\n<table class=\"memo6-table\" role=\"table\" aria-label=\"Strategigrupper med bilder\"><!-- [et_pb_line_break_holder] -->    <\/p>\n<thead><!-- [et_pb_line_break_holder] -->      <\/p>\n<tr><!-- [et_pb_line_break_holder] -->        <\/p>\n<th class=\"memo6-col-type\">Strategigruppe<\/th>\n<p><!-- [et_pb_line_break_holder] -->        <\/p>\n<th>Form\u00e5l<\/th>\n<p><!-- [et_pb_line_break_holder] -->        <\/p>\n<th>Eksempler p\u00e5 instruksjoner og sp\u00f8rsm\u00e5l<\/th>\n<p><!-- [et_pb_line_break_holder] -->      <\/tr>\n<p><!-- [et_pb_line_break_holder] -->    <\/thead>\n<p><!-- [et_pb_line_break_holder] -->    <\/p>\n<tbody><!-- [et_pb_line_break_holder] --><!-- [et_pb_line_break_holder] -->      <\/p>\n<tr><!-- [et_pb_line_break_holder] -->        <\/p>\n<td class=\"memo6-col-type\"><!-- [et_pb_line_break_holder] -->          Overblikk<!-- [et_pb_line_break_holder] -->          <\/p>\n<div class=\"memo6-icon\"><!-- [et_pb_line_break_holder] -->            <img decoding=\"async\" src=\"https:\/\/leselop.usn.no\/wp-content\/uploads\/2025\/09\/eye.png\" alt=\"Ikon \u00f8ye\"><!-- [et_pb_line_break_holder] -->          <\/div>\n<p><!-- [et_pb_line_break_holder] -->        <\/td>\n<p><!-- [et_pb_line_break_holder] -->        <\/p>\n<td>Aktivere forkunnskaper og orientere seg i tekst og modaliteter<\/td>\n<p><!-- [et_pb_line_break_holder] -->        <\/p>\n<td><!-- [et_pb_line_break_holder] -->          <\/p>\n<ul class=\"memo6-list\"><!-- [et_pb_line_break_holder] -->            <\/p>\n<li>Er det mer informasjon enn teksten? Flytt \u00f8ynene!<\/li>\n<p><!-- [et_pb_line_break_holder] -->            <\/p>\n<li>Hva handler oppgaven om?<\/li>\n<p><!-- [et_pb_line_break_holder] -->            <\/p>\n<li>Hva vet du om dette fra f\u00f8r?<\/li>\n<p><!-- [et_pb_line_break_holder] -->            <\/p>\n<li>Er det noe som er viktig \u00e5 skrive ned?<\/li>\n<p><!-- [et_pb_line_break_holder] -->          <\/ul>\n<p><!-- [et_pb_line_break_holder] -->        <\/td>\n<p><!-- [et_pb_line_break_holder] -->      <\/tr>\n<p><!-- [et_pb_line_break_holder] --><!-- [et_pb_line_break_holder] -->      <\/p>\n<tr><!-- [et_pb_line_break_holder] -->        <\/p>\n<td class=\"memo6-col-type\"><!-- [et_pb_line_break_holder] -->          Stopp og sjekk<!-- [et_pb_line_break_holder] -->          <\/p>\n<div class=\"memo6-icon\"><!-- [et_pb_line_break_holder] -->            <img decoding=\"async\" src=\"https:\/\/leselop.usn.no\/wp-content\/uploads\/2025\/09\/stop.png\" alt=\"Stopp skilt\"><!-- [et_pb_line_break_holder] -->          <\/div>\n<p><!-- [et_pb_line_break_holder] -->        <\/td>\n<p><!-- [et_pb_line_break_holder] -->        <\/p>\n<td>Senke lesetempo, kontrollere forst\u00e5else og aktivere metakognisjon<\/td>\n<p><!-- [et_pb_line_break_holder] -->        <\/p>\n<td><!-- [et_pb_line_break_holder] -->          <\/p>\n<ul class=\"memo6-list\"><!-- [et_pb_line_break_holder] -->            <\/p>\n<li>Les \u00e9n og \u00e9n setning \u2013 hold gjerne over resten.<\/li>\n<p><!-- [et_pb_line_break_holder] -->            <\/p>\n<li>Forst\u00e5r jeg ordene?<\/li>\n<p><!-- [et_pb_line_break_holder] -->            <\/p>\n<li>Hvordan henger figurer og tekst sammen?<\/li>\n<p><!-- [et_pb_line_break_holder] -->            <\/p>\n<li>Hva handler oppgaven om?<\/li>\n<p><!-- [et_pb_line_break_holder] -->            <\/p>\n<li>Hva tror jeg svaret kan v\u00e6re?<\/li>\n<p><!-- [et_pb_line_break_holder] -->            <\/p>\n<li>Stemmer svaret med teksten?<\/li>\n<p><!-- [et_pb_line_break_holder] -->            <\/p>\n<li>Stemmer svaret med det jeg gjettet? Hvorfor\/hvorfor ikke?<\/li>\n<p><!-- [et_pb_line_break_holder] -->          <\/ul>\n<p><!-- [et_pb_line_break_holder] -->        <\/td>\n<p><!-- [et_pb_line_break_holder] -->      <\/tr>\n<p><!-- [et_pb_line_break_holder] --><!-- [et_pb_line_break_holder] -->      <\/p>\n<tr><!-- [et_pb_line_break_holder] -->        <\/p>\n<td class=\"memo6-col-type\"><!-- [et_pb_line_break_holder] -->          Tegn og skriv<!-- [et_pb_line_break_holder] -->          <\/p>\n<div class=\"memo6-icon\"><!-- [et_pb_line_break_holder] -->            <img decoding=\"async\" src=\"https:\/\/leselop.usn.no\/wp-content\/uploads\/2025\/09\/penn.png\" alt=\"Ikon penn eller tusj\"><!-- [et_pb_line_break_holder] -->          <\/div>\n<p><!-- [et_pb_line_break_holder] -->        <\/td>\n<p><!-- [et_pb_line_break_holder] -->        <\/p>\n<td>Sortere, visualisere og bearbeide informasjon aktivt<\/td>\n<p><!-- [et_pb_line_break_holder] -->        <\/p>\n<td><!-- [et_pb_line_break_holder] -->          <\/p>\n<ul class=\"memo6-list\"><!-- [et_pb_line_break_holder] -->            <\/p>\n<li>Hvilken informasjon trenger du for \u00e5 l\u00f8se oppgaven?<\/li>\n<p><!-- [et_pb_line_break_holder] -->            <\/p>\n<li>Har du alle opplysninger?<\/li>\n<p><!-- [et_pb_line_break_holder] -->            <\/p>\n<li>Strekk under viktig informasjon.<\/li>\n<p><!-- [et_pb_line_break_holder] -->            <\/p>\n<li>Tegn matematisk til teksten.<\/li>\n<p><!-- [et_pb_line_break_holder] -->            <\/p>\n<li>Hva skal jeg finne ut av?<\/li>\n<p><!-- [et_pb_line_break_holder] -->          <\/ul>\n<p><!-- [et_pb_line_break_holder] -->        <\/td>\n<p><!-- [et_pb_line_break_holder] -->      <\/tr>\n<p><!-- [et_pb_line_break_holder] --><!-- [et_pb_line_break_holder] -->    <\/tbody>\n<p><!-- [et_pb_line_break_holder] -->  <\/table>\n<p><!-- [et_pb_line_break_holder] --><\/div>\n<p><!-- [et_pb_line_break_holder] -->[\/et_pb_code][et_pb_image src=&#8221;https:\/\/leselop.usn.no\/wp-content\/uploads\/2025\/09\/overblikk1.png&#8221; title_text=&#8221;overblikk1&#8243; disabled_on=&#8221;off|on|on&#8221; _builder_version=&#8221;4.27.4&#8243; _module_preset=&#8221;default&#8221; custom_margin=&#8221;||0px||false|false&#8221; custom_margin_tablet=&#8221;||0px||false|false&#8221; custom_margin_phone=&#8221;||||false|false&#8221; custom_margin_last_edited=&#8221;on|phone&#8221; locked=&#8221;off&#8221; global_colors_info=&#8221;{}&#8221;][\/et_pb_image][et_pb_image src=&#8221;https:\/\/leselop.usn.no\/wp-content\/uploads\/2025\/09\/overblikk2.png&#8221; title_text=&#8221;overblikk2&#8243; disabled_on=&#8221;off|on|on&#8221; _builder_version=&#8221;4.27.4&#8243; _module_preset=&#8221;default&#8221; custom_margin=&#8221;||||false|false&#8221; custom_margin_tablet=&#8221;||||false|false&#8221; custom_margin_phone=&#8221;-10px||||false|false&#8221; custom_margin_last_edited=&#8221;on|phone&#8221; locked=&#8221;off&#8221; global_colors_info=&#8221;{}&#8221;][\/et_pb_image][\/et_pb_column][\/et_pb_row][et_pb_row _builder_version=&#8221;4.21.0&#8243; _module_preset=&#8221;default&#8221; max_width=&#8221;850px&#8221; module_alignment=&#8221;center&#8221; global_colors_info=&#8221;{}&#8221;][et_pb_column type=&#8221;4_4&#8243; _builder_version=&#8221;4.21.0&#8243; _module_preset=&#8221;default&#8221; global_colors_info=&#8221;{}&#8221;][et_pb_code _builder_version=&#8221;4.21.0&#8243; _module_preset=&#8221;default&#8221; text_orientation=&#8221;center&#8221; global_colors_info=&#8221;{}&#8221;]<button id=\"backButton\" style=\"<!-- [et_pb_line_break_holder] -->background: #8dcfb7; <!-- [et_pb_line_break_holder] -->border-radius: 10px; <!-- [et_pb_line_break_holder] -->width: 100px; <!-- [et_pb_line_break_holder] -->height: 40px; <!-- [et_pb_line_break_holder] -->border: none; <!-- [et_pb_line_break_holder] -->font-size: 18px;<!-- [et_pb_line_break_holder] -->color: #000000; <!-- [et_pb_line_break_holder] -->transform: uppercase;&#8221; <!-- [et_pb_line_break_holder] -->onmouseover=&#8221;this.style.backgroundColor=&#8217;#5a5e5e&#8217;; this.style.color=&#8217;#ffffff&#8217;;&#8221;<!-- [et_pb_line_break_holder] -->onmouseout=&#8221;this.style.backgroundColor=&#8217;#8dcfb7&#8242;; this.style.color=&#8217;#000000&#8242;;&#8221; <!-- [et_pb_line_break_holder] -->onclick=&#8221;myFunction()&#8221;>Tilbake<\/button><!-- [et_pb_line_break_holder] --><!-- [et_pb_line_break_holder] --><script><!-- [et_pb_line_break_holder] -->document.addEventListener('DOMContentLoaded', function() {<!-- [et_pb_line_break_holder] -->  var backButton = document.getElementById('backButton'); <!-- [et_pb_line_break_holder] -->  <!-- [et_pb_line_break_holder] -->  if (backButton) {<!-- [et_pb_line_break_holder] -->    backButton.addEventListener('click', function() {<!-- [et_pb_line_break_holder] -->      window.history.back();<!-- [et_pb_line_break_holder] -->    });<!-- [et_pb_line_break_holder] -->  }<!-- [et_pb_line_break_holder] -->});<!-- [et_pb_line_break_holder] --><\/script><!-- [et_pb_line_break_holder] -->[\/et_pb_code][\/et_pb_column][\/et_pb_row][\/et_pb_section]<\/p>\n","protected":false},"excerpt":{"rendered":"<p>Lesestrategier i tekstoppgaver<\/p>\n","protected":false},"author":10,"featured_media":0,"parent":0,"menu_order":0,"comment_status":"closed","ping_status":"closed","template":"","meta":{"_et_pb_use_builder":"on","_et_pb_old_content":"","_et_gb_content_width":"","footnotes":""},"trinn":[],"fag":[],"class_list":["post-12209","page","type-page","status-publish","hentry"],"_links":{"self":[{"href":"https:\/\/leselop.usn.no\/index.php?rest_route=\/wp\/v2\/pages\/12209","targetHints":{"allow":["GET"]}}],"collection":[{"href":"https:\/\/leselop.usn.no\/index.php?rest_route=\/wp\/v2\/pages"}],"about":[{"href":"https:\/\/leselop.usn.no\/index.php?rest_route=\/wp\/v2\/types\/page"}],"author":[{"embeddable":true,"href":"https:\/\/leselop.usn.no\/index.php?rest_route=\/wp\/v2\/users\/10"}],"replies":[{"embeddable":true,"href":"https:\/\/leselop.usn.no\/index.php?rest_route=%2Fwp%2Fv2%2Fcomments&post=12209"}],"version-history":[{"count":7,"href":"https:\/\/leselop.usn.no\/index.php?rest_route=\/wp\/v2\/pages\/12209\/revisions"}],"predecessor-version":[{"id":12224,"href":"https:\/\/leselop.usn.no\/index.php?rest_route=\/wp\/v2\/pages\/12209\/revisions\/12224"}],"wp:attachment":[{"href":"https:\/\/leselop.usn.no\/index.php?rest_route=%2Fwp%2Fv2%2Fmedia&parent=12209"}],"wp:term":[{"taxonomy":"trinn","embeddable":true,"href":"https:\/\/leselop.usn.no\/index.php?rest_route=%2Fwp%2Fv2%2Ftrinn&post=12209"},{"taxonomy":"fag","embeddable":true,"href":"https:\/\/leselop.usn.no\/index.php?rest_route=%2Fwp%2Fv2%2Ffag&post=12209"}],"curies":[{"name":"wp","href":"https:\/\/api.w.org\/{rel}","templated":true}]}}